{"id":8368,"date":"2024-02-27T10:41:47","date_gmt":"2024-02-27T09:41:47","guid":{"rendered":"https:\/\/www.jlg.nicolas-briche.fr\/index.php\/produit\/potelet-province-76mm-2-anneaux\/"},"modified":"2024-06-04T10:29:58","modified_gmt":"2024-06-04T08:29:58","slug":"potelet-province-76mm-2-anneaux","status":"publish","type":"product","link":"https:\/\/jlgequipements.fr\/index.php\/produit\/potelet-province-76mm-2-anneaux\/","title":{"rendered":"POTELET PROVINCE"},"content":{"rendered":"<p><strong>5 Mod\u00e8les de potelets au choix:<\/strong> City, Forum, Inox, Boule, Agora.<\/p>\n<p><strong>Dimensions disponibles :<\/strong> 76 mm ou 114 mm<\/p>\n<p><strong>Hauteur hors sol<\/strong>: 1000 mm (hors pommeau)<\/p>\n<p><strong>Hauteur hors tout:<\/strong> 1 180 mm (hors pommeau)<\/p>\n<p><strong>Epaisseur du tube:<\/strong> 3 mm<\/p>\n<p><strong>Pommeau:<\/strong> en fonte d&rsquo;acier soud\u00e9, en fonte d&rsquo;acier usin\u00e9 et soud\u00e9, en aluminium moul\u00e9 ou en acier inoxydable<\/p>\n<p><strong>Finition:<\/strong> peint sur zinc selon nos RAL standards<\/p>\n<p><strong>Fixation:<\/strong> par scellement direct (hauteur du scellement 180 mm)<\/p>\n","protected":false},"excerpt":{"rendered":"<p>5 Mod\u00e8les de potelets au choix: City, Forum, Inox, Boule, Agora. Dimensions disponibles : 76 mm ou 114 mm Hauteur hors sol: 1000 mm (hors pommeau) Hauteur hors tout: 1 180 mm (hors pommeau) Epaisseur du tube: 3 mm Pommeau: en fonte d&rsquo;acier soud\u00e9, en fonte d&rsquo;acier usin\u00e9 et soud\u00e9, en aluminium moul\u00e9 ou en acier inoxydable Finition: peint sur zinc selon nos RAL standards Fixation: par scellement direct (hauteur du scellement 180 mm)<\/p>\n","protected":false},"featured_media":11938,"comment_status":"closed","ping_status":"closed","template":"","meta":[],"product_brand":[],"product_cat":[299,226,233],"product_tag":[],"class_list":{"0":"post-8368","1":"product","2":"type-product","3":"status-publish","4":"has-post-thumbnail","6":"product_cat-potelets","7":"product_cat-mobilier-urbain","8":"product_cat-poteaux-et-signalisation-routiere","10":"first","11":"instock","12":"shipping-taxable","13":"product-type-simple"},"yoast_head":"<!-- This site is optimized with the Yoast SEO plugin v27.1.1 - https:\/\/yoast.com\/product\/yoast-seo-wordpress\/ -->\n<title>POTELET PROVINCE - JLG \u00c9quipements Collectivit\u00e9s<\/title>\n<meta name=\"robots\" content=\"index, follow, max-snippet:-1, max-image-preview:large, max-video-preview:-1\" \/>\n<link rel=\"canonical\" href=\"https:\/\/jlgequipements.fr\/index.php\/produit\/potelet-province-76mm-2-anneaux\/\" \/>\n<meta property=\"og:locale\" content=\"fr_FR\" \/>\n<meta property=\"og:type\" content=\"article\" \/>\n<meta property=\"og:title\" content=\"POTELET PROVINCE - JLG \u00c9quipements Collectivit\u00e9s\" \/>\n<meta property=\"og:description\" content=\"5 Mod\u00e8les de potelets au choix: City, Forum, Inox, Boule, Agora. Dimensions disponibles : 76 mm ou 114 mm Hauteur hors sol: 1000 mm (hors pommeau) Hauteur hors tout: 1 180 mm (hors pommeau) Epaisseur du tube: 3 mm Pommeau: en fonte d&rsquo;acier soud\u00e9, en fonte d&rsquo;acier usin\u00e9 et soud\u00e9, en aluminium moul\u00e9 ou en acier inoxydable Finition: peint sur zinc selon nos RAL standards Fixation: par scellement direct (hauteur du scellement 180 mm)\" \/>\n<meta property=\"og:url\" content=\"https:\/\/jlgequipements.fr\/index.php\/produit\/potelet-province-76mm-2-anneaux\/\" \/>\n<meta property=\"og:site_name\" content=\"JLG \u00c9quipements Collectivit\u00e9s\" \/>\n<meta property=\"article:modified_time\" content=\"2024-06-04T08:29:58+00:00\" \/>\n<meta property=\"og:image\" content=\"https:\/\/jlgequipements.fr\/wp-content\/uploads\/2024\/02\/POTELET_PROVINCE.jpg\" \/>\n\t<meta property=\"og:image:width\" content=\"2002\" \/>\n\t<meta property=\"og:image:height\" content=\"1606\" \/>\n\t<meta property=\"og:image:type\" content=\"image\/jpeg\" \/>\n<meta name=\"twitter:card\" content=\"summary_large_image\" \/>\n<script type=\"application\/ld+json\" class=\"yoast-schema-graph\">{\"@context\":\"https:\/\/schema.org\",\"@graph\":[{\"@type\":\"WebPage\",\"@id\":\"https:\/\/jlgequipements.fr\/index.php\/produit\/potelet-province-76mm-2-anneaux\/\",\"url\":\"https:\/\/jlgequipements.fr\/index.php\/produit\/potelet-province-76mm-2-anneaux\/\",\"name\":\"POTELET PROVINCE - JLG \u00c9quipements Collectivit\u00e9s\",\"isPartOf\":{\"@id\":\"https:\/\/jlgequipements.fr\/#website\"},\"primaryImageOfPage\":{\"@id\":\"https:\/\/jlgequipements.fr\/index.php\/produit\/potelet-province-76mm-2-anneaux\/#primaryimage\"},\"image\":{\"@id\":\"https:\/\/jlgequipements.fr\/index.php\/produit\/potelet-province-76mm-2-anneaux\/#primaryimage\"},\"thumbnailUrl\":\"https:\/\/jlgequipements.fr\/wp-content\/uploads\/2024\/02\/POTELET_PROVINCE.jpg\",\"datePublished\":\"2024-02-27T09:41:47+00:00\",\"dateModified\":\"2024-06-04T08:29:58+00:00\",\"breadcrumb\":{\"@id\":\"https:\/\/jlgequipements.fr\/index.php\/produit\/potelet-province-76mm-2-anneaux\/#breadcrumb\"},\"inLanguage\":\"fr-FR\",\"potentialAction\":[{\"@type\":\"ReadAction\",\"target\":[\"https:\/\/jlgequipements.fr\/index.php\/produit\/potelet-province-76mm-2-anneaux\/\"]}]},{\"@type\":\"ImageObject\",\"inLanguage\":\"fr-FR\",\"@id\":\"https:\/\/jlgequipements.fr\/index.php\/produit\/potelet-province-76mm-2-anneaux\/#primaryimage\",\"url\":\"https:\/\/jlgequipements.fr\/wp-content\/uploads\/2024\/02\/POTELET_PROVINCE.jpg\",\"contentUrl\":\"https:\/\/jlgequipements.fr\/wp-content\/uploads\/2024\/02\/POTELET_PROVINCE.jpg\",\"width\":2002,\"height\":1606},{\"@type\":\"BreadcrumbList\",\"@id\":\"https:\/\/jlgequipements.fr\/index.php\/produit\/potelet-province-76mm-2-anneaux\/#breadcrumb\",\"itemListElement\":[{\"@type\":\"ListItem\",\"position\":1,\"name\":\"Accueil\",\"item\":\"https:\/\/jlgequipements.fr\/\"},{\"@type\":\"ListItem\",\"position\":2,\"name\":\"Boutique\",\"item\":\"https:\/\/jlgequipements.fr\/index.php\/boutique\/\"},{\"@type\":\"ListItem\",\"position\":3,\"name\":\"POTELET PROVINCE\"}]},{\"@type\":\"WebSite\",\"@id\":\"https:\/\/jlgequipements.fr\/#website\",\"url\":\"https:\/\/jlgequipements.fr\/\",\"name\":\"JLG \u00c9quipements collectivit\u00e9\",\"description\":\"Le partenaire des communes\",\"publisher\":{\"@id\":\"https:\/\/jlgequipements.fr\/#organization\"},\"potentialAction\":[{\"@type\":\"SearchAction\",\"target\":{\"@type\":\"EntryPoint\",\"urlTemplate\":\"https:\/\/jlgequipements.fr\/?s={search_term_string}\"},\"query-input\":{\"@type\":\"PropertyValueSpecification\",\"valueRequired\":true,\"valueName\":\"search_term_string\"}}],\"inLanguage\":\"fr-FR\"},{\"@type\":\"Organization\",\"@id\":\"https:\/\/jlgequipements.fr\/#organization\",\"name\":\"JLG \u00c9quipements collectivit\u00e9\",\"url\":\"https:\/\/jlgequipements.fr\/\",\"logo\":{\"@type\":\"ImageObject\",\"inLanguage\":\"fr-FR\",\"@id\":\"https:\/\/jlgequipements.fr\/#\/schema\/logo\/image\/\",\"url\":\"https:\/\/jlgequipements.fr\/wp-content\/uploads\/2024\/01\/JLG_LOGO_VECTO.png\",\"contentUrl\":\"https:\/\/jlgequipements.fr\/wp-content\/uploads\/2024\/01\/JLG_LOGO_VECTO.png\",\"width\":3293,\"height\":3292,\"caption\":\"JLG \u00c9quipements collectivit\u00e9\"},\"image\":{\"@id\":\"https:\/\/jlgequipements.fr\/#\/schema\/logo\/image\/\"}}]}<\/script>\n<!-- \/ Yoast SEO plugin. -->","yoast_head_json":{"title":"POTELET PROVINCE - JLG \u00c9quipements Collectivit\u00e9s","robots":{"index":"index","follow":"follow","max-snippet":"max-snippet:-1","max-image-preview":"max-image-preview:large","max-video-preview":"max-video-preview:-1"},"canonical":"https:\/\/jlgequipements.fr\/index.php\/produit\/potelet-province-76mm-2-anneaux\/","og_locale":"fr_FR","og_type":"article","og_title":"POTELET PROVINCE - JLG \u00c9quipements Collectivit\u00e9s","og_description":"5 Mod\u00e8les de potelets au choix: City, Forum, Inox, Boule, Agora. Dimensions disponibles : 76 mm ou 114 mm Hauteur hors sol: 1000 mm (hors pommeau) Hauteur hors tout: 1 180 mm (hors pommeau) Epaisseur du tube: 3 mm Pommeau: en fonte d&rsquo;acier soud\u00e9, en fonte d&rsquo;acier usin\u00e9 et soud\u00e9, en aluminium moul\u00e9 ou en acier inoxydable Finition: peint sur zinc selon nos RAL standards Fixation: par scellement direct (hauteur du scellement 180 mm)","og_url":"https:\/\/jlgequipements.fr\/index.php\/produit\/potelet-province-76mm-2-anneaux\/","og_site_name":"JLG \u00c9quipements Collectivit\u00e9s","article_modified_time":"2024-06-04T08:29:58+00:00","og_image":[{"width":2002,"height":1606,"url":"https:\/\/jlgequipements.fr\/wp-content\/uploads\/2024\/02\/POTELET_PROVINCE.jpg","type":"image\/jpeg"}],"twitter_card":"summary_large_image","schema":{"@context":"https:\/\/schema.org","@graph":[{"@type":"WebPage","@id":"https:\/\/jlgequipements.fr\/index.php\/produit\/potelet-province-76mm-2-anneaux\/","url":"https:\/\/jlgequipements.fr\/index.php\/produit\/potelet-province-76mm-2-anneaux\/","name":"POTELET PROVINCE - JLG \u00c9quipements Collectivit\u00e9s","isPartOf":{"@id":"https:\/\/jlgequipements.fr\/#website"},"primaryImageOfPage":{"@id":"https:\/\/jlgequipements.fr\/index.php\/produit\/potelet-province-76mm-2-anneaux\/#primaryimage"},"image":{"@id":"https:\/\/jlgequipements.fr\/index.php\/produit\/potelet-province-76mm-2-anneaux\/#primaryimage"},"thumbnailUrl":"https:\/\/jlgequipements.fr\/wp-content\/uploads\/2024\/02\/POTELET_PROVINCE.jpg","datePublished":"2024-02-27T09:41:47+00:00","dateModified":"2024-06-04T08:29:58+00:00","breadcrumb":{"@id":"https:\/\/jlgequipements.fr\/index.php\/produit\/potelet-province-76mm-2-anneaux\/#breadcrumb"},"inLanguage":"fr-FR","potentialAction":[{"@type":"ReadAction","target":["https:\/\/jlgequipements.fr\/index.php\/produit\/potelet-province-76mm-2-anneaux\/"]}]},{"@type":"ImageObject","inLanguage":"fr-FR","@id":"https:\/\/jlgequipements.fr\/index.php\/produit\/potelet-province-76mm-2-anneaux\/#primaryimage","url":"https:\/\/jlgequipements.fr\/wp-content\/uploads\/2024\/02\/POTELET_PROVINCE.jpg","contentUrl":"https:\/\/jlgequipements.fr\/wp-content\/uploads\/2024\/02\/POTELET_PROVINCE.jpg","width":2002,"height":1606},{"@type":"BreadcrumbList","@id":"https:\/\/jlgequipements.fr\/index.php\/produit\/potelet-province-76mm-2-anneaux\/#breadcrumb","itemListElement":[{"@type":"ListItem","position":1,"name":"Accueil","item":"https:\/\/jlgequipements.fr\/"},{"@type":"ListItem","position":2,"name":"Boutique","item":"https:\/\/jlgequipements.fr\/index.php\/boutique\/"},{"@type":"ListItem","position":3,"name":"POTELET PROVINCE"}]},{"@type":"WebSite","@id":"https:\/\/jlgequipements.fr\/#website","url":"https:\/\/jlgequipements.fr\/","name":"JLG \u00c9quipements collectivit\u00e9","description":"Le partenaire des communes","publisher":{"@id":"https:\/\/jlgequipements.fr\/#organization"},"potentialAction":[{"@type":"SearchAction","target":{"@type":"EntryPoint","urlTemplate":"https:\/\/jlgequipements.fr\/?s={search_term_string}"},"query-input":{"@type":"PropertyValueSpecification","valueRequired":true,"valueName":"search_term_string"}}],"inLanguage":"fr-FR"},{"@type":"Organization","@id":"https:\/\/jlgequipements.fr\/#organization","name":"JLG \u00c9quipements collectivit\u00e9","url":"https:\/\/jlgequipements.fr\/","logo":{"@type":"ImageObject","inLanguage":"fr-FR","@id":"https:\/\/jlgequipements.fr\/#\/schema\/logo\/image\/","url":"https:\/\/jlgequipements.fr\/wp-content\/uploads\/2024\/01\/JLG_LOGO_VECTO.png","contentUrl":"https:\/\/jlgequipements.fr\/wp-content\/uploads\/2024\/01\/JLG_LOGO_VECTO.png","width":3293,"height":3292,"caption":"JLG \u00c9quipements collectivit\u00e9"},"image":{"@id":"https:\/\/jlgequipements.fr\/#\/schema\/logo\/image\/"}}]}},"_links":{"self":[{"href":"https:\/\/jlgequipements.fr\/index.php\/wp-json\/wp\/v2\/product\/8368","targetHints":{"allow":["GET"]}}],"collection":[{"href":"https:\/\/jlgequipements.fr\/index.php\/wp-json\/wp\/v2\/product"}],"about":[{"href":"https:\/\/jlgequipements.fr\/index.php\/wp-json\/wp\/v2\/types\/product"}],"replies":[{"embeddable":true,"href":"https:\/\/jlgequipements.fr\/index.php\/wp-json\/wp\/v2\/comments?post=8368"}],"version-history":[{"count":3,"href":"https:\/\/jlgequipements.fr\/index.php\/wp-json\/wp\/v2\/product\/8368\/revisions"}],"predecessor-version":[{"id":12598,"href":"https:\/\/jlgequipements.fr\/index.php\/wp-json\/wp\/v2\/product\/8368\/revisions\/12598"}],"wp:featuredmedia":[{"embeddable":true,"href":"https:\/\/jlgequipements.fr\/index.php\/wp-json\/wp\/v2\/media\/11938"}],"wp:attachment":[{"href":"https:\/\/jlgequipements.fr\/index.php\/wp-json\/wp\/v2\/media?parent=8368"}],"wp:term":[{"taxonomy":"product_brand","embeddable":true,"href":"https:\/\/jlgequipements.fr\/index.php\/wp-json\/wp\/v2\/product_brand?post=8368"},{"taxonomy":"product_cat","embeddable":true,"href":"https:\/\/jlgequipements.fr\/index.php\/wp-json\/wp\/v2\/product_cat?post=8368"},{"taxonomy":"product_tag","embeddable":true,"href":"https:\/\/jlgequipements.fr\/index.php\/wp-json\/wp\/v2\/product_tag?post=8368"}],"curies":[{"name":"wp","href":"https:\/\/api.w.org\/{rel}","templated":true}]}}