{"id":7765,"date":"2024-02-27T10:39:33","date_gmt":"2024-02-27T09:39:33","guid":{"rendered":"https:\/\/www.jlg.nicolas-briche.fr\/index.php\/produit\/isoloir-electoral-pour-pmr\/"},"modified":"2024-03-13T16:11:11","modified_gmt":"2024-03-13T15:11:11","slug":"isoloir-electoral-pour-pmr","status":"publish","type":"product","link":"https:\/\/jlgequipements.fr\/index.php\/produit\/isoloir-electoral-pour-pmr\/","title":{"rendered":"ISOLOIR \u00c9LECTORAL POUR PMR"},"content":{"rendered":"<ul>\n<li>Dimensions sp\u00e9cifiques : largueur<br \/>\n1000 mm x profondeur 1300 mm<\/li>\n<li>Structure : acier 20&#215;20 mm laqu\u00e9<br \/>\nmarron et panneaux lat\u00e9raux en<br \/>\nt\u00f4le laqu\u00e9e beige<\/li>\n<li>Rideaux : coton \u00e9cru opaque;<\/li>\n<\/ul>\n<p>classement au feu M1 \u00ab non-inflammables \u00bb<\/p>\n<ul>\n<li>Tablette : ajustable \u00e0 hauteur<br \/>\nadapt\u00e9e dans la caisse carton<br \/>\nd\u2019origine<\/li>\n<li>Accessibilit\u00e9 : pas de barre de seuil<br \/>\npour une accessibilit\u00e9 tr\u00e8s ais\u00e9e<\/li>\n<li>Signal\u00e9tique PMR : fournie<\/li>\n<\/ul>\n","protected":false},"excerpt":{"rendered":"<p>Dimensions sp\u00e9cifiques : largueur 1000 mm x profondeur 1300 mm Structure : acier 20&#215;20 mm laqu\u00e9 marron et panneaux lat\u00e9raux en t\u00f4le laqu\u00e9e beige Rideaux : coton \u00e9cru opaque; classement au feu M1 \u00ab non-inflammables \u00bb Tablette : ajustable \u00e0 hauteur adapt\u00e9e dans la caisse carton d\u2019origine Accessibilit\u00e9 : pas de barre de seuil pour une accessibilit\u00e9 tr\u00e8s ais\u00e9e Signal\u00e9tique PMR : fournie<\/p>\n","protected":false},"featured_media":10421,"comment_status":"closed","ping_status":"closed","template":"","meta":[],"product_brand":[],"product_cat":[198,208],"product_tag":[],"class_list":{"0":"post-7765","1":"product","2":"type-product","3":"status-publish","4":"has-post-thumbnail","6":"product_cat-etat-civil","7":"product_cat-elections","9":"first","10":"instock","11":"shipping-taxable","12":"product-type-simple"},"yoast_head":"<!-- This site is optimized with the Yoast SEO plugin v27.1.1 - https:\/\/yoast.com\/product\/yoast-seo-wordpress\/ -->\n<title>ISOLOIR \u00c9LECTORAL POUR PMR - JLG \u00c9quipements Collectivit\u00e9s<\/title>\n<meta name=\"robots\" content=\"index, follow, max-snippet:-1, max-image-preview:large, max-video-preview:-1\" \/>\n<link rel=\"canonical\" href=\"https:\/\/jlgequipements.fr\/index.php\/produit\/isoloir-electoral-pour-pmr\/\" \/>\n<meta property=\"og:locale\" content=\"fr_FR\" \/>\n<meta property=\"og:type\" content=\"article\" \/>\n<meta property=\"og:title\" content=\"ISOLOIR \u00c9LECTORAL POUR PMR - JLG \u00c9quipements Collectivit\u00e9s\" \/>\n<meta property=\"og:description\" content=\"Dimensions sp\u00e9cifiques : largueur 1000 mm x profondeur 1300 mm Structure : acier 20&#215;20 mm laqu\u00e9 marron et panneaux lat\u00e9raux en t\u00f4le laqu\u00e9e beige Rideaux : coton \u00e9cru opaque; classement au feu M1 \u00ab non-inflammables \u00bb Tablette : ajustable \u00e0 hauteur adapt\u00e9e dans la caisse carton d\u2019origine Accessibilit\u00e9 : pas de barre de seuil pour une accessibilit\u00e9 tr\u00e8s ais\u00e9e Signal\u00e9tique PMR : fournie\" \/>\n<meta property=\"og:url\" content=\"https:\/\/jlgequipements.fr\/index.php\/produit\/isoloir-electoral-pour-pmr\/\" \/>\n<meta property=\"og:site_name\" content=\"JLG \u00c9quipements Collectivit\u00e9s\" \/>\n<meta property=\"article:modified_time\" content=\"2024-03-13T15:11:11+00:00\" \/>\n<meta property=\"og:image\" content=\"https:\/\/jlgequipements.fr\/wp-content\/uploads\/2024\/02\/ISOLOIR_ELECTORAL_PMR.jpg\" \/>\n\t<meta property=\"og:image:width\" content=\"500\" \/>\n\t<meta property=\"og:image:height\" content=\"500\" \/>\n\t<meta property=\"og:image:type\" content=\"image\/jpeg\" \/>\n<meta name=\"twitter:card\" content=\"summary_large_image\" \/>\n<script type=\"application\/ld+json\" class=\"yoast-schema-graph\">{\"@context\":\"https:\/\/schema.org\",\"@graph\":[{\"@type\":\"WebPage\",\"@id\":\"https:\/\/jlgequipements.fr\/index.php\/produit\/isoloir-electoral-pour-pmr\/\",\"url\":\"https:\/\/jlgequipements.fr\/index.php\/produit\/isoloir-electoral-pour-pmr\/\",\"name\":\"ISOLOIR \u00c9LECTORAL POUR PMR - JLG \u00c9quipements Collectivit\u00e9s\",\"isPartOf\":{\"@id\":\"https:\/\/jlgequipements.fr\/#website\"},\"primaryImageOfPage\":{\"@id\":\"https:\/\/jlgequipements.fr\/index.php\/produit\/isoloir-electoral-pour-pmr\/#primaryimage\"},\"image\":{\"@id\":\"https:\/\/jlgequipements.fr\/index.php\/produit\/isoloir-electoral-pour-pmr\/#primaryimage\"},\"thumbnailUrl\":\"https:\/\/jlgequipements.fr\/wp-content\/uploads\/2024\/02\/ISOLOIR_ELECTORAL_PMR.jpg\",\"datePublished\":\"2024-02-27T09:39:33+00:00\",\"dateModified\":\"2024-03-13T15:11:11+00:00\",\"breadcrumb\":{\"@id\":\"https:\/\/jlgequipements.fr\/index.php\/produit\/isoloir-electoral-pour-pmr\/#breadcrumb\"},\"inLanguage\":\"fr-FR\",\"potentialAction\":[{\"@type\":\"ReadAction\",\"target\":[\"https:\/\/jlgequipements.fr\/index.php\/produit\/isoloir-electoral-pour-pmr\/\"]}]},{\"@type\":\"ImageObject\",\"inLanguage\":\"fr-FR\",\"@id\":\"https:\/\/jlgequipements.fr\/index.php\/produit\/isoloir-electoral-pour-pmr\/#primaryimage\",\"url\":\"https:\/\/jlgequipements.fr\/wp-content\/uploads\/2024\/02\/ISOLOIR_ELECTORAL_PMR.jpg\",\"contentUrl\":\"https:\/\/jlgequipements.fr\/wp-content\/uploads\/2024\/02\/ISOLOIR_ELECTORAL_PMR.jpg\",\"width\":500,\"height\":500},{\"@type\":\"BreadcrumbList\",\"@id\":\"https:\/\/jlgequipements.fr\/index.php\/produit\/isoloir-electoral-pour-pmr\/#breadcrumb\",\"itemListElement\":[{\"@type\":\"ListItem\",\"position\":1,\"name\":\"Accueil\",\"item\":\"https:\/\/jlgequipements.fr\/\"},{\"@type\":\"ListItem\",\"position\":2,\"name\":\"Boutique\",\"item\":\"https:\/\/jlgequipements.fr\/index.php\/boutique\/\"},{\"@type\":\"ListItem\",\"position\":3,\"name\":\"ISOLOIR \u00c9LECTORAL POUR PMR\"}]},{\"@type\":\"WebSite\",\"@id\":\"https:\/\/jlgequipements.fr\/#website\",\"url\":\"https:\/\/jlgequipements.fr\/\",\"name\":\"JLG \u00c9quipements collectivit\u00e9\",\"description\":\"Le partenaire des communes\",\"publisher\":{\"@id\":\"https:\/\/jlgequipements.fr\/#organization\"},\"potentialAction\":[{\"@type\":\"SearchAction\",\"target\":{\"@type\":\"EntryPoint\",\"urlTemplate\":\"https:\/\/jlgequipements.fr\/?s={search_term_string}\"},\"query-input\":{\"@type\":\"PropertyValueSpecification\",\"valueRequired\":true,\"valueName\":\"search_term_string\"}}],\"inLanguage\":\"fr-FR\"},{\"@type\":\"Organization\",\"@id\":\"https:\/\/jlgequipements.fr\/#organization\",\"name\":\"JLG \u00c9quipements collectivit\u00e9\",\"url\":\"https:\/\/jlgequipements.fr\/\",\"logo\":{\"@type\":\"ImageObject\",\"inLanguage\":\"fr-FR\",\"@id\":\"https:\/\/jlgequipements.fr\/#\/schema\/logo\/image\/\",\"url\":\"https:\/\/jlgequipements.fr\/wp-content\/uploads\/2024\/01\/JLG_LOGO_VECTO.png\",\"contentUrl\":\"https:\/\/jlgequipements.fr\/wp-content\/uploads\/2024\/01\/JLG_LOGO_VECTO.png\",\"width\":3293,\"height\":3292,\"caption\":\"JLG \u00c9quipements collectivit\u00e9\"},\"image\":{\"@id\":\"https:\/\/jlgequipements.fr\/#\/schema\/logo\/image\/\"}}]}<\/script>\n<!-- \/ Yoast SEO plugin. -->","yoast_head_json":{"title":"ISOLOIR \u00c9LECTORAL POUR PMR - JLG \u00c9quipements Collectivit\u00e9s","robots":{"index":"index","follow":"follow","max-snippet":"max-snippet:-1","max-image-preview":"max-image-preview:large","max-video-preview":"max-video-preview:-1"},"canonical":"https:\/\/jlgequipements.fr\/index.php\/produit\/isoloir-electoral-pour-pmr\/","og_locale":"fr_FR","og_type":"article","og_title":"ISOLOIR \u00c9LECTORAL POUR PMR - JLG \u00c9quipements Collectivit\u00e9s","og_description":"Dimensions sp\u00e9cifiques : largueur 1000 mm x profondeur 1300 mm Structure : acier 20&#215;20 mm laqu\u00e9 marron et panneaux lat\u00e9raux en t\u00f4le laqu\u00e9e beige Rideaux : coton \u00e9cru opaque; classement au feu M1 \u00ab non-inflammables \u00bb Tablette : ajustable \u00e0 hauteur adapt\u00e9e dans la caisse carton d\u2019origine Accessibilit\u00e9 : pas de barre de seuil pour une accessibilit\u00e9 tr\u00e8s ais\u00e9e Signal\u00e9tique PMR : fournie","og_url":"https:\/\/jlgequipements.fr\/index.php\/produit\/isoloir-electoral-pour-pmr\/","og_site_name":"JLG \u00c9quipements Collectivit\u00e9s","article_modified_time":"2024-03-13T15:11:11+00:00","og_image":[{"width":500,"height":500,"url":"https:\/\/jlgequipements.fr\/wp-content\/uploads\/2024\/02\/ISOLOIR_ELECTORAL_PMR.jpg","type":"image\/jpeg"}],"twitter_card":"summary_large_image","schema":{"@context":"https:\/\/schema.org","@graph":[{"@type":"WebPage","@id":"https:\/\/jlgequipements.fr\/index.php\/produit\/isoloir-electoral-pour-pmr\/","url":"https:\/\/jlgequipements.fr\/index.php\/produit\/isoloir-electoral-pour-pmr\/","name":"ISOLOIR \u00c9LECTORAL POUR PMR - JLG \u00c9quipements Collectivit\u00e9s","isPartOf":{"@id":"https:\/\/jlgequipements.fr\/#website"},"primaryImageOfPage":{"@id":"https:\/\/jlgequipements.fr\/index.php\/produit\/isoloir-electoral-pour-pmr\/#primaryimage"},"image":{"@id":"https:\/\/jlgequipements.fr\/index.php\/produit\/isoloir-electoral-pour-pmr\/#primaryimage"},"thumbnailUrl":"https:\/\/jlgequipements.fr\/wp-content\/uploads\/2024\/02\/ISOLOIR_ELECTORAL_PMR.jpg","datePublished":"2024-02-27T09:39:33+00:00","dateModified":"2024-03-13T15:11:11+00:00","breadcrumb":{"@id":"https:\/\/jlgequipements.fr\/index.php\/produit\/isoloir-electoral-pour-pmr\/#breadcrumb"},"inLanguage":"fr-FR","potentialAction":[{"@type":"ReadAction","target":["https:\/\/jlgequipements.fr\/index.php\/produit\/isoloir-electoral-pour-pmr\/"]}]},{"@type":"ImageObject","inLanguage":"fr-FR","@id":"https:\/\/jlgequipements.fr\/index.php\/produit\/isoloir-electoral-pour-pmr\/#primaryimage","url":"https:\/\/jlgequipements.fr\/wp-content\/uploads\/2024\/02\/ISOLOIR_ELECTORAL_PMR.jpg","contentUrl":"https:\/\/jlgequipements.fr\/wp-content\/uploads\/2024\/02\/ISOLOIR_ELECTORAL_PMR.jpg","width":500,"height":500},{"@type":"BreadcrumbList","@id":"https:\/\/jlgequipements.fr\/index.php\/produit\/isoloir-electoral-pour-pmr\/#breadcrumb","itemListElement":[{"@type":"ListItem","position":1,"name":"Accueil","item":"https:\/\/jlgequipements.fr\/"},{"@type":"ListItem","position":2,"name":"Boutique","item":"https:\/\/jlgequipements.fr\/index.php\/boutique\/"},{"@type":"ListItem","position":3,"name":"ISOLOIR \u00c9LECTORAL POUR PMR"}]},{"@type":"WebSite","@id":"https:\/\/jlgequipements.fr\/#website","url":"https:\/\/jlgequipements.fr\/","name":"JLG \u00c9quipements collectivit\u00e9","description":"Le partenaire des communes","publisher":{"@id":"https:\/\/jlgequipements.fr\/#organization"},"potentialAction":[{"@type":"SearchAction","target":{"@type":"EntryPoint","urlTemplate":"https:\/\/jlgequipements.fr\/?s={search_term_string}"},"query-input":{"@type":"PropertyValueSpecification","valueRequired":true,"valueName":"search_term_string"}}],"inLanguage":"fr-FR"},{"@type":"Organization","@id":"https:\/\/jlgequipements.fr\/#organization","name":"JLG \u00c9quipements collectivit\u00e9","url":"https:\/\/jlgequipements.fr\/","logo":{"@type":"ImageObject","inLanguage":"fr-FR","@id":"https:\/\/jlgequipements.fr\/#\/schema\/logo\/image\/","url":"https:\/\/jlgequipements.fr\/wp-content\/uploads\/2024\/01\/JLG_LOGO_VECTO.png","contentUrl":"https:\/\/jlgequipements.fr\/wp-content\/uploads\/2024\/01\/JLG_LOGO_VECTO.png","width":3293,"height":3292,"caption":"JLG \u00c9quipements collectivit\u00e9"},"image":{"@id":"https:\/\/jlgequipements.fr\/#\/schema\/logo\/image\/"}}]}},"_links":{"self":[{"href":"https:\/\/jlgequipements.fr\/index.php\/wp-json\/wp\/v2\/product\/7765","targetHints":{"allow":["GET"]}}],"collection":[{"href":"https:\/\/jlgequipements.fr\/index.php\/wp-json\/wp\/v2\/product"}],"about":[{"href":"https:\/\/jlgequipements.fr\/index.php\/wp-json\/wp\/v2\/types\/product"}],"replies":[{"embeddable":true,"href":"https:\/\/jlgequipements.fr\/index.php\/wp-json\/wp\/v2\/comments?post=7765"}],"version-history":[{"count":4,"href":"https:\/\/jlgequipements.fr\/index.php\/wp-json\/wp\/v2\/product\/7765\/revisions"}],"predecessor-version":[{"id":10426,"href":"https:\/\/jlgequipements.fr\/index.php\/wp-json\/wp\/v2\/product\/7765\/revisions\/10426"}],"wp:featuredmedia":[{"embeddable":true,"href":"https:\/\/jlgequipements.fr\/index.php\/wp-json\/wp\/v2\/media\/10421"}],"wp:attachment":[{"href":"https:\/\/jlgequipements.fr\/index.php\/wp-json\/wp\/v2\/media?parent=7765"}],"wp:term":[{"taxonomy":"product_brand","embeddable":true,"href":"https:\/\/jlgequipements.fr\/index.php\/wp-json\/wp\/v2\/product_brand?post=7765"},{"taxonomy":"product_cat","embeddable":true,"href":"https:\/\/jlgequipements.fr\/index.php\/wp-json\/wp\/v2\/product_cat?post=7765"},{"taxonomy":"product_tag","embeddable":true,"href":"https:\/\/jlgequipements.fr\/index.php\/wp-json\/wp\/v2\/product_tag?post=7765"}],"curies":[{"name":"wp","href":"https:\/\/api.w.org\/{rel}","templated":true}]}}