{"id":14595,"date":"2026-01-29T11:43:13","date_gmt":"2026-01-29T10:43:13","guid":{"rendered":"https:\/\/jlgequipements.fr\/?post_type=product&#038;p=14595"},"modified":"2026-01-29T15:04:50","modified_gmt":"2026-01-29T14:04:50","slug":"chaise-orfeo","status":"publish","type":"product","link":"https:\/\/jlgequipements.fr\/index.php\/produit\/chaise-orfeo\/","title":{"rendered":"CHAISE ORF\u00c9O"},"content":{"rendered":"<p class=\"p1\"><b><span class=\"Apple-converted-space\">\u00a0 <\/span>Description :<\/b><\/p>\n<p class=\"p1\"><span class=\"s1\"><span class=\"Apple-converted-space\">\u00a0 <\/span>Si\u00e8ge inclin\u00e9 et g\u00e9n\u00e9reusement rembourr\u00e9 en fait le <span class=\"Apple-converted-space\">\u00a0 \u00a0 <\/span>choix favori pour les salles de r\u00e9union<\/span><\/p>\n<p class=\"p1\"><span class=\"s1\">&#8211; Facilement empilable<\/span><\/p>\n<p class=\"p1\"><span class=\"s1\">&#8211; Pi\u00e8tement : Finition Aluminium ou Noir plus sobre<\/span><\/p>\n<p class=\"p1\"><span class=\"s1\">&#8211; Tissu Class\u00e9 M1<\/span><\/p>\n<p class=\"p1\"><span class=\"s1\">&#8211; Poids : 7,7 kg<\/span><\/p>\n<p class=\"p1\"><span class=\"s1\">&#8211; Couleur : Voir 2\u00e8me photos<\/span><\/p>\n<p class=\"p1\"><span class=\"s1\">&#8211; Dimensions : 850 Haut. x 530 Larg. x 560 Prof. mm.<\/span><\/p>\n<p>&#8211; Option : accoudoirs<\/p>\n","protected":false},"excerpt":{"rendered":"<p>\u00a0 Description : \u00a0 Si\u00e8ge inclin\u00e9 et g\u00e9n\u00e9reusement rembourr\u00e9 en fait le \u00a0 \u00a0 choix favori pour les salles de r\u00e9union &#8211; Facilement empilable &#8211; Pi\u00e8tement : Finition Aluminium ou Noir plus sobre &#8211; Tissu Class\u00e9 M1 &#8211; Poids : 7,7 kg &#8211; Couleur : Voir 2\u00e8me photos &#8211; Dimensions : 850 Haut. x 530 Larg. x 560 Prof. mm. &#8211; Option : accoudoirs<\/p>\n","protected":false},"featured_media":14596,"comment_status":"open","ping_status":"closed","template":"","meta":[],"product_brand":[],"product_cat":[316,240],"product_tag":[],"class_list":{"0":"post-14595","1":"product","2":"type-product","3":"status-publish","4":"has-post-thumbnail","6":"product_cat-chaise-scolaire","7":"product_cat-mobilier-scolaire","9":"first","10":"instock","11":"shipping-taxable","12":"product-type-simple"},"yoast_head":"<!-- This site is optimized with the Yoast SEO plugin v27.1.1 - https:\/\/yoast.com\/product\/yoast-seo-wordpress\/ -->\n<title>CHAISE ORF\u00c9O - JLG \u00c9quipements Collectivit\u00e9s<\/title>\n<meta name=\"robots\" content=\"index, follow, max-snippet:-1, max-image-preview:large, max-video-preview:-1\" \/>\n<link rel=\"canonical\" href=\"https:\/\/jlgequipements.fr\/index.php\/produit\/chaise-orfeo\/\" \/>\n<meta property=\"og:locale\" content=\"fr_FR\" \/>\n<meta property=\"og:type\" content=\"article\" \/>\n<meta property=\"og:title\" content=\"CHAISE ORF\u00c9O - JLG \u00c9quipements Collectivit\u00e9s\" \/>\n<meta property=\"og:description\" content=\"\u00a0 Description : \u00a0 Si\u00e8ge inclin\u00e9 et g\u00e9n\u00e9reusement rembourr\u00e9 en fait le \u00a0 \u00a0 choix favori pour les salles de r\u00e9union &#8211; Facilement empilable &#8211; Pi\u00e8tement : Finition Aluminium ou Noir plus sobre &#8211; Tissu Class\u00e9 M1 &#8211; Poids : 7,7 kg &#8211; Couleur : Voir 2\u00e8me photos &#8211; Dimensions : 850 Haut. x 530 Larg. x 560 Prof. mm. &#8211; Option : accoudoirs\" \/>\n<meta property=\"og:url\" content=\"https:\/\/jlgequipements.fr\/index.php\/produit\/chaise-orfeo\/\" \/>\n<meta property=\"og:site_name\" content=\"JLG \u00c9quipements Collectivit\u00e9s\" \/>\n<meta property=\"article:modified_time\" content=\"2026-01-29T14:04:50+00:00\" \/>\n<meta property=\"og:image\" content=\"http:\/\/jlgequipements.fr\/wp-content\/uploads\/2026\/01\/CHAISE-ORFEO-01.jpg\" \/>\n\t<meta property=\"og:image:width\" content=\"2083\" \/>\n\t<meta property=\"og:image:height\" content=\"2083\" \/>\n\t<meta property=\"og:image:type\" content=\"image\/jpeg\" \/>\n<meta name=\"twitter:card\" content=\"summary_large_image\" \/>\n<script type=\"application\/ld+json\" class=\"yoast-schema-graph\">{\"@context\":\"https:\/\/schema.org\",\"@graph\":[{\"@type\":\"WebPage\",\"@id\":\"https:\/\/jlgequipements.fr\/index.php\/produit\/chaise-orfeo\/\",\"url\":\"https:\/\/jlgequipements.fr\/index.php\/produit\/chaise-orfeo\/\",\"name\":\"CHAISE ORF\u00c9O - JLG \u00c9quipements Collectivit\u00e9s\",\"isPartOf\":{\"@id\":\"https:\/\/jlgequipements.fr\/#website\"},\"primaryImageOfPage\":{\"@id\":\"https:\/\/jlgequipements.fr\/index.php\/produit\/chaise-orfeo\/#primaryimage\"},\"image\":{\"@id\":\"https:\/\/jlgequipements.fr\/index.php\/produit\/chaise-orfeo\/#primaryimage\"},\"thumbnailUrl\":\"https:\/\/jlgequipements.fr\/wp-content\/uploads\/2026\/01\/CHAISE-ORFEO-01.jpg\",\"datePublished\":\"2026-01-29T10:43:13+00:00\",\"dateModified\":\"2026-01-29T14:04:50+00:00\",\"breadcrumb\":{\"@id\":\"https:\/\/jlgequipements.fr\/index.php\/produit\/chaise-orfeo\/#breadcrumb\"},\"inLanguage\":\"fr-FR\",\"potentialAction\":[{\"@type\":\"ReadAction\",\"target\":[\"https:\/\/jlgequipements.fr\/index.php\/produit\/chaise-orfeo\/\"]}]},{\"@type\":\"ImageObject\",\"inLanguage\":\"fr-FR\",\"@id\":\"https:\/\/jlgequipements.fr\/index.php\/produit\/chaise-orfeo\/#primaryimage\",\"url\":\"https:\/\/jlgequipements.fr\/wp-content\/uploads\/2026\/01\/CHAISE-ORFEO-01.jpg\",\"contentUrl\":\"https:\/\/jlgequipements.fr\/wp-content\/uploads\/2026\/01\/CHAISE-ORFEO-01.jpg\",\"width\":2083,\"height\":2083},{\"@type\":\"BreadcrumbList\",\"@id\":\"https:\/\/jlgequipements.fr\/index.php\/produit\/chaise-orfeo\/#breadcrumb\",\"itemListElement\":[{\"@type\":\"ListItem\",\"position\":1,\"name\":\"Accueil\",\"item\":\"https:\/\/jlgequipements.fr\/\"},{\"@type\":\"ListItem\",\"position\":2,\"name\":\"Boutique\",\"item\":\"https:\/\/jlgequipements.fr\/index.php\/boutique\/\"},{\"@type\":\"ListItem\",\"position\":3,\"name\":\"CHAISE ORF\u00c9O\"}]},{\"@type\":\"WebSite\",\"@id\":\"https:\/\/jlgequipements.fr\/#website\",\"url\":\"https:\/\/jlgequipements.fr\/\",\"name\":\"JLG \u00c9quipements collectivit\u00e9\",\"description\":\"Le partenaire des communes\",\"publisher\":{\"@id\":\"https:\/\/jlgequipements.fr\/#organization\"},\"potentialAction\":[{\"@type\":\"SearchAction\",\"target\":{\"@type\":\"EntryPoint\",\"urlTemplate\":\"https:\/\/jlgequipements.fr\/?s={search_term_string}\"},\"query-input\":{\"@type\":\"PropertyValueSpecification\",\"valueRequired\":true,\"valueName\":\"search_term_string\"}}],\"inLanguage\":\"fr-FR\"},{\"@type\":\"Organization\",\"@id\":\"https:\/\/jlgequipements.fr\/#organization\",\"name\":\"JLG \u00c9quipements collectivit\u00e9\",\"url\":\"https:\/\/jlgequipements.fr\/\",\"logo\":{\"@type\":\"ImageObject\",\"inLanguage\":\"fr-FR\",\"@id\":\"https:\/\/jlgequipements.fr\/#\/schema\/logo\/image\/\",\"url\":\"https:\/\/jlgequipements.fr\/wp-content\/uploads\/2024\/01\/JLG_LOGO_VECTO.png\",\"contentUrl\":\"https:\/\/jlgequipements.fr\/wp-content\/uploads\/2024\/01\/JLG_LOGO_VECTO.png\",\"width\":3293,\"height\":3292,\"caption\":\"JLG \u00c9quipements collectivit\u00e9\"},\"image\":{\"@id\":\"https:\/\/jlgequipements.fr\/#\/schema\/logo\/image\/\"}}]}<\/script>\n<!-- \/ Yoast SEO plugin. -->","yoast_head_json":{"title":"CHAISE ORF\u00c9O - JLG \u00c9quipements Collectivit\u00e9s","robots":{"index":"index","follow":"follow","max-snippet":"max-snippet:-1","max-image-preview":"max-image-preview:large","max-video-preview":"max-video-preview:-1"},"canonical":"https:\/\/jlgequipements.fr\/index.php\/produit\/chaise-orfeo\/","og_locale":"fr_FR","og_type":"article","og_title":"CHAISE ORF\u00c9O - JLG \u00c9quipements Collectivit\u00e9s","og_description":"\u00a0 Description : \u00a0 Si\u00e8ge inclin\u00e9 et g\u00e9n\u00e9reusement rembourr\u00e9 en fait le \u00a0 \u00a0 choix favori pour les salles de r\u00e9union &#8211; Facilement empilable &#8211; Pi\u00e8tement : Finition Aluminium ou Noir plus sobre &#8211; Tissu Class\u00e9 M1 &#8211; Poids : 7,7 kg &#8211; Couleur : Voir 2\u00e8me photos &#8211; Dimensions : 850 Haut. x 530 Larg. x 560 Prof. mm. &#8211; Option : accoudoirs","og_url":"https:\/\/jlgequipements.fr\/index.php\/produit\/chaise-orfeo\/","og_site_name":"JLG \u00c9quipements Collectivit\u00e9s","article_modified_time":"2026-01-29T14:04:50+00:00","og_image":[{"width":2083,"height":2083,"url":"http:\/\/jlgequipements.fr\/wp-content\/uploads\/2026\/01\/CHAISE-ORFEO-01.jpg","type":"image\/jpeg"}],"twitter_card":"summary_large_image","schema":{"@context":"https:\/\/schema.org","@graph":[{"@type":"WebPage","@id":"https:\/\/jlgequipements.fr\/index.php\/produit\/chaise-orfeo\/","url":"https:\/\/jlgequipements.fr\/index.php\/produit\/chaise-orfeo\/","name":"CHAISE ORF\u00c9O - JLG \u00c9quipements Collectivit\u00e9s","isPartOf":{"@id":"https:\/\/jlgequipements.fr\/#website"},"primaryImageOfPage":{"@id":"https:\/\/jlgequipements.fr\/index.php\/produit\/chaise-orfeo\/#primaryimage"},"image":{"@id":"https:\/\/jlgequipements.fr\/index.php\/produit\/chaise-orfeo\/#primaryimage"},"thumbnailUrl":"https:\/\/jlgequipements.fr\/wp-content\/uploads\/2026\/01\/CHAISE-ORFEO-01.jpg","datePublished":"2026-01-29T10:43:13+00:00","dateModified":"2026-01-29T14:04:50+00:00","breadcrumb":{"@id":"https:\/\/jlgequipements.fr\/index.php\/produit\/chaise-orfeo\/#breadcrumb"},"inLanguage":"fr-FR","potentialAction":[{"@type":"ReadAction","target":["https:\/\/jlgequipements.fr\/index.php\/produit\/chaise-orfeo\/"]}]},{"@type":"ImageObject","inLanguage":"fr-FR","@id":"https:\/\/jlgequipements.fr\/index.php\/produit\/chaise-orfeo\/#primaryimage","url":"https:\/\/jlgequipements.fr\/wp-content\/uploads\/2026\/01\/CHAISE-ORFEO-01.jpg","contentUrl":"https:\/\/jlgequipements.fr\/wp-content\/uploads\/2026\/01\/CHAISE-ORFEO-01.jpg","width":2083,"height":2083},{"@type":"BreadcrumbList","@id":"https:\/\/jlgequipements.fr\/index.php\/produit\/chaise-orfeo\/#breadcrumb","itemListElement":[{"@type":"ListItem","position":1,"name":"Accueil","item":"https:\/\/jlgequipements.fr\/"},{"@type":"ListItem","position":2,"name":"Boutique","item":"https:\/\/jlgequipements.fr\/index.php\/boutique\/"},{"@type":"ListItem","position":3,"name":"CHAISE ORF\u00c9O"}]},{"@type":"WebSite","@id":"https:\/\/jlgequipements.fr\/#website","url":"https:\/\/jlgequipements.fr\/","name":"JLG \u00c9quipements collectivit\u00e9","description":"Le partenaire des communes","publisher":{"@id":"https:\/\/jlgequipements.fr\/#organization"},"potentialAction":[{"@type":"SearchAction","target":{"@type":"EntryPoint","urlTemplate":"https:\/\/jlgequipements.fr\/?s={search_term_string}"},"query-input":{"@type":"PropertyValueSpecification","valueRequired":true,"valueName":"search_term_string"}}],"inLanguage":"fr-FR"},{"@type":"Organization","@id":"https:\/\/jlgequipements.fr\/#organization","name":"JLG \u00c9quipements collectivit\u00e9","url":"https:\/\/jlgequipements.fr\/","logo":{"@type":"ImageObject","inLanguage":"fr-FR","@id":"https:\/\/jlgequipements.fr\/#\/schema\/logo\/image\/","url":"https:\/\/jlgequipements.fr\/wp-content\/uploads\/2024\/01\/JLG_LOGO_VECTO.png","contentUrl":"https:\/\/jlgequipements.fr\/wp-content\/uploads\/2024\/01\/JLG_LOGO_VECTO.png","width":3293,"height":3292,"caption":"JLG \u00c9quipements collectivit\u00e9"},"image":{"@id":"https:\/\/jlgequipements.fr\/#\/schema\/logo\/image\/"}}]}},"_links":{"self":[{"href":"https:\/\/jlgequipements.fr\/index.php\/wp-json\/wp\/v2\/product\/14595","targetHints":{"allow":["GET"]}}],"collection":[{"href":"https:\/\/jlgequipements.fr\/index.php\/wp-json\/wp\/v2\/product"}],"about":[{"href":"https:\/\/jlgequipements.fr\/index.php\/wp-json\/wp\/v2\/types\/product"}],"replies":[{"embeddable":true,"href":"https:\/\/jlgequipements.fr\/index.php\/wp-json\/wp\/v2\/comments?post=14595"}],"version-history":[{"count":1,"href":"https:\/\/jlgequipements.fr\/index.php\/wp-json\/wp\/v2\/product\/14595\/revisions"}],"predecessor-version":[{"id":14598,"href":"https:\/\/jlgequipements.fr\/index.php\/wp-json\/wp\/v2\/product\/14595\/revisions\/14598"}],"wp:featuredmedia":[{"embeddable":true,"href":"https:\/\/jlgequipements.fr\/index.php\/wp-json\/wp\/v2\/media\/14596"}],"wp:attachment":[{"href":"https:\/\/jlgequipements.fr\/index.php\/wp-json\/wp\/v2\/media?parent=14595"}],"wp:term":[{"taxonomy":"product_brand","embeddable":true,"href":"https:\/\/jlgequipements.fr\/index.php\/wp-json\/wp\/v2\/product_brand?post=14595"},{"taxonomy":"product_cat","embeddable":true,"href":"https:\/\/jlgequipements.fr\/index.php\/wp-json\/wp\/v2\/product_cat?post=14595"},{"taxonomy":"product_tag","embeddable":true,"href":"https:\/\/jlgequipements.fr\/index.php\/wp-json\/wp\/v2\/product_tag?post=14595"}],"curies":[{"name":"wp","href":"https:\/\/api.w.org\/{rel}","templated":true}]}}