{"id":14525,"date":"2026-01-29T10:18:08","date_gmt":"2026-01-29T09:18:08","guid":{"rendered":"https:\/\/jlgequipements.fr\/?post_type=product&#038;p=14525"},"modified":"2026-01-29T10:18:08","modified_gmt":"2026-01-29T09:18:08","slug":"plot-solaire-led-bleue","status":"publish","type":"product","link":"https:\/\/jlgequipements.fr\/index.php\/produit\/plot-solaire-led-bleue\/","title":{"rendered":"PLOT SOLAIRE LED BLEUE"},"content":{"rendered":"<p class=\"p1\">Le plot routier solaire LED 20 Tonnes est encastrable dans le sol. Il r\u00e9siste \u00e0 un passage de v\u00e9hicules allant jusqu\u2019\u00e0 20 tonnes. Il oriente le trafic et r\u00e9duit le risque d\u2019accident.<\/p>\n<p class=\"p1\">Le plot lumineux, d\u2019une hauteur hors sol de 7 mm, fonctionne sur batterie solaire, il est charg\u00e9 apr\u00e8s 12 h pass\u00e9es en plein soleil. Son autonomie est d\u2019environ 200 h.<\/p>\n<p class=\"p1\">Le plot routier poss\u00e8de 6 LED, ainsi qu\u2019en lumi\u00e8re continue ou flash.<\/p>\n","protected":false},"excerpt":{"rendered":"<p>Le plot routier solaire LED 20 Tonnes est encastrable dans le sol. Il r\u00e9siste \u00e0 un passage de v\u00e9hicules allant jusqu\u2019\u00e0 20 tonnes. Il oriente le trafic et r\u00e9duit le risque d\u2019accident. Le plot lumineux, d\u2019une hauteur hors sol de 7 mm, fonctionne sur batterie solaire, il est charg\u00e9 apr\u00e8s 12 h pass\u00e9es en plein soleil. Son autonomie est d\u2019environ 200 h. Le plot routier poss\u00e8de 6 LED, ainsi qu\u2019en lumi\u00e8re continue ou flash.<\/p>\n","protected":false},"featured_media":14526,"comment_status":"open","ping_status":"closed","template":"","meta":[],"product_brand":[],"product_cat":[226,233],"product_tag":[],"class_list":{"0":"post-14525","1":"product","2":"type-product","3":"status-publish","4":"has-post-thumbnail","6":"product_cat-mobilier-urbain","7":"product_cat-poteaux-et-signalisation-routiere","9":"first","10":"instock","11":"shipping-taxable","12":"product-type-simple"},"yoast_head":"<!-- This site is optimized with the Yoast SEO plugin v27.1.1 - https:\/\/yoast.com\/product\/yoast-seo-wordpress\/ -->\n<title>PLOT SOLAIRE LED BLEUE - JLG \u00c9quipements Collectivit\u00e9s<\/title>\n<meta name=\"robots\" content=\"index, follow, max-snippet:-1, max-image-preview:large, max-video-preview:-1\" \/>\n<link rel=\"canonical\" href=\"https:\/\/jlgequipements.fr\/index.php\/produit\/plot-solaire-led-bleue\/\" \/>\n<meta property=\"og:locale\" content=\"fr_FR\" \/>\n<meta property=\"og:type\" content=\"article\" \/>\n<meta property=\"og:title\" content=\"PLOT SOLAIRE LED BLEUE - JLG \u00c9quipements Collectivit\u00e9s\" \/>\n<meta property=\"og:description\" content=\"Le plot routier solaire LED 20 Tonnes est encastrable dans le sol. Il r\u00e9siste \u00e0 un passage de v\u00e9hicules allant jusqu\u2019\u00e0 20 tonnes. Il oriente le trafic et r\u00e9duit le risque d\u2019accident. Le plot lumineux, d\u2019une hauteur hors sol de 7 mm, fonctionne sur batterie solaire, il est charg\u00e9 apr\u00e8s 12 h pass\u00e9es en plein soleil. Son autonomie est d\u2019environ 200 h. Le plot routier poss\u00e8de 6 LED, ainsi qu\u2019en lumi\u00e8re continue ou flash.\" \/>\n<meta property=\"og:url\" content=\"https:\/\/jlgequipements.fr\/index.php\/produit\/plot-solaire-led-bleue\/\" \/>\n<meta property=\"og:site_name\" content=\"JLG \u00c9quipements Collectivit\u00e9s\" \/>\n<meta property=\"og:image\" content=\"https:\/\/jlgequipements.fr\/wp-content\/uploads\/2026\/01\/plot-solaire-led-01.jpg\" \/>\n\t<meta property=\"og:image:width\" content=\"2083\" \/>\n\t<meta property=\"og:image:height\" content=\"2083\" \/>\n\t<meta property=\"og:image:type\" content=\"image\/jpeg\" \/>\n<meta name=\"twitter:card\" content=\"summary_large_image\" \/>\n<script type=\"application\/ld+json\" class=\"yoast-schema-graph\">{\"@context\":\"https:\/\/schema.org\",\"@graph\":[{\"@type\":\"WebPage\",\"@id\":\"https:\/\/jlgequipements.fr\/index.php\/produit\/plot-solaire-led-bleue\/\",\"url\":\"https:\/\/jlgequipements.fr\/index.php\/produit\/plot-solaire-led-bleue\/\",\"name\":\"PLOT SOLAIRE LED BLEUE - JLG \u00c9quipements Collectivit\u00e9s\",\"isPartOf\":{\"@id\":\"https:\/\/jlgequipements.fr\/#website\"},\"primaryImageOfPage\":{\"@id\":\"https:\/\/jlgequipements.fr\/index.php\/produit\/plot-solaire-led-bleue\/#primaryimage\"},\"image\":{\"@id\":\"https:\/\/jlgequipements.fr\/index.php\/produit\/plot-solaire-led-bleue\/#primaryimage\"},\"thumbnailUrl\":\"https:\/\/jlgequipements.fr\/wp-content\/uploads\/2026\/01\/plot-solaire-led-01.jpg\",\"datePublished\":\"2026-01-29T09:18:08+00:00\",\"breadcrumb\":{\"@id\":\"https:\/\/jlgequipements.fr\/index.php\/produit\/plot-solaire-led-bleue\/#breadcrumb\"},\"inLanguage\":\"fr-FR\",\"potentialAction\":[{\"@type\":\"ReadAction\",\"target\":[\"https:\/\/jlgequipements.fr\/index.php\/produit\/plot-solaire-led-bleue\/\"]}]},{\"@type\":\"ImageObject\",\"inLanguage\":\"fr-FR\",\"@id\":\"https:\/\/jlgequipements.fr\/index.php\/produit\/plot-solaire-led-bleue\/#primaryimage\",\"url\":\"https:\/\/jlgequipements.fr\/wp-content\/uploads\/2026\/01\/plot-solaire-led-01.jpg\",\"contentUrl\":\"https:\/\/jlgequipements.fr\/wp-content\/uploads\/2026\/01\/plot-solaire-led-01.jpg\",\"width\":2083,\"height\":2083},{\"@type\":\"BreadcrumbList\",\"@id\":\"https:\/\/jlgequipements.fr\/index.php\/produit\/plot-solaire-led-bleue\/#breadcrumb\",\"itemListElement\":[{\"@type\":\"ListItem\",\"position\":1,\"name\":\"Accueil\",\"item\":\"https:\/\/jlgequipements.fr\/\"},{\"@type\":\"ListItem\",\"position\":2,\"name\":\"Boutique\",\"item\":\"https:\/\/jlgequipements.fr\/index.php\/boutique\/\"},{\"@type\":\"ListItem\",\"position\":3,\"name\":\"PLOT SOLAIRE LED BLEUE\"}]},{\"@type\":\"WebSite\",\"@id\":\"https:\/\/jlgequipements.fr\/#website\",\"url\":\"https:\/\/jlgequipements.fr\/\",\"name\":\"JLG \u00c9quipements collectivit\u00e9\",\"description\":\"Le partenaire des communes\",\"publisher\":{\"@id\":\"https:\/\/jlgequipements.fr\/#organization\"},\"potentialAction\":[{\"@type\":\"SearchAction\",\"target\":{\"@type\":\"EntryPoint\",\"urlTemplate\":\"https:\/\/jlgequipements.fr\/?s={search_term_string}\"},\"query-input\":{\"@type\":\"PropertyValueSpecification\",\"valueRequired\":true,\"valueName\":\"search_term_string\"}}],\"inLanguage\":\"fr-FR\"},{\"@type\":\"Organization\",\"@id\":\"https:\/\/jlgequipements.fr\/#organization\",\"name\":\"JLG \u00c9quipements collectivit\u00e9\",\"url\":\"https:\/\/jlgequipements.fr\/\",\"logo\":{\"@type\":\"ImageObject\",\"inLanguage\":\"fr-FR\",\"@id\":\"https:\/\/jlgequipements.fr\/#\/schema\/logo\/image\/\",\"url\":\"https:\/\/jlgequipements.fr\/wp-content\/uploads\/2024\/01\/JLG_LOGO_VECTO.png\",\"contentUrl\":\"https:\/\/jlgequipements.fr\/wp-content\/uploads\/2024\/01\/JLG_LOGO_VECTO.png\",\"width\":3293,\"height\":3292,\"caption\":\"JLG \u00c9quipements collectivit\u00e9\"},\"image\":{\"@id\":\"https:\/\/jlgequipements.fr\/#\/schema\/logo\/image\/\"}}]}<\/script>\n<!-- \/ Yoast SEO plugin. -->","yoast_head_json":{"title":"PLOT SOLAIRE LED BLEUE - JLG \u00c9quipements Collectivit\u00e9s","robots":{"index":"index","follow":"follow","max-snippet":"max-snippet:-1","max-image-preview":"max-image-preview:large","max-video-preview":"max-video-preview:-1"},"canonical":"https:\/\/jlgequipements.fr\/index.php\/produit\/plot-solaire-led-bleue\/","og_locale":"fr_FR","og_type":"article","og_title":"PLOT SOLAIRE LED BLEUE - JLG \u00c9quipements Collectivit\u00e9s","og_description":"Le plot routier solaire LED 20 Tonnes est encastrable dans le sol. Il r\u00e9siste \u00e0 un passage de v\u00e9hicules allant jusqu\u2019\u00e0 20 tonnes. Il oriente le trafic et r\u00e9duit le risque d\u2019accident. Le plot lumineux, d\u2019une hauteur hors sol de 7 mm, fonctionne sur batterie solaire, il est charg\u00e9 apr\u00e8s 12 h pass\u00e9es en plein soleil. Son autonomie est d\u2019environ 200 h. Le plot routier poss\u00e8de 6 LED, ainsi qu\u2019en lumi\u00e8re continue ou flash.","og_url":"https:\/\/jlgequipements.fr\/index.php\/produit\/plot-solaire-led-bleue\/","og_site_name":"JLG \u00c9quipements Collectivit\u00e9s","og_image":[{"width":2083,"height":2083,"url":"https:\/\/jlgequipements.fr\/wp-content\/uploads\/2026\/01\/plot-solaire-led-01.jpg","type":"image\/jpeg"}],"twitter_card":"summary_large_image","schema":{"@context":"https:\/\/schema.org","@graph":[{"@type":"WebPage","@id":"https:\/\/jlgequipements.fr\/index.php\/produit\/plot-solaire-led-bleue\/","url":"https:\/\/jlgequipements.fr\/index.php\/produit\/plot-solaire-led-bleue\/","name":"PLOT SOLAIRE LED BLEUE - JLG \u00c9quipements Collectivit\u00e9s","isPartOf":{"@id":"https:\/\/jlgequipements.fr\/#website"},"primaryImageOfPage":{"@id":"https:\/\/jlgequipements.fr\/index.php\/produit\/plot-solaire-led-bleue\/#primaryimage"},"image":{"@id":"https:\/\/jlgequipements.fr\/index.php\/produit\/plot-solaire-led-bleue\/#primaryimage"},"thumbnailUrl":"https:\/\/jlgequipements.fr\/wp-content\/uploads\/2026\/01\/plot-solaire-led-01.jpg","datePublished":"2026-01-29T09:18:08+00:00","breadcrumb":{"@id":"https:\/\/jlgequipements.fr\/index.php\/produit\/plot-solaire-led-bleue\/#breadcrumb"},"inLanguage":"fr-FR","potentialAction":[{"@type":"ReadAction","target":["https:\/\/jlgequipements.fr\/index.php\/produit\/plot-solaire-led-bleue\/"]}]},{"@type":"ImageObject","inLanguage":"fr-FR","@id":"https:\/\/jlgequipements.fr\/index.php\/produit\/plot-solaire-led-bleue\/#primaryimage","url":"https:\/\/jlgequipements.fr\/wp-content\/uploads\/2026\/01\/plot-solaire-led-01.jpg","contentUrl":"https:\/\/jlgequipements.fr\/wp-content\/uploads\/2026\/01\/plot-solaire-led-01.jpg","width":2083,"height":2083},{"@type":"BreadcrumbList","@id":"https:\/\/jlgequipements.fr\/index.php\/produit\/plot-solaire-led-bleue\/#breadcrumb","itemListElement":[{"@type":"ListItem","position":1,"name":"Accueil","item":"https:\/\/jlgequipements.fr\/"},{"@type":"ListItem","position":2,"name":"Boutique","item":"https:\/\/jlgequipements.fr\/index.php\/boutique\/"},{"@type":"ListItem","position":3,"name":"PLOT SOLAIRE LED BLEUE"}]},{"@type":"WebSite","@id":"https:\/\/jlgequipements.fr\/#website","url":"https:\/\/jlgequipements.fr\/","name":"JLG \u00c9quipements collectivit\u00e9","description":"Le partenaire des communes","publisher":{"@id":"https:\/\/jlgequipements.fr\/#organization"},"potentialAction":[{"@type":"SearchAction","target":{"@type":"EntryPoint","urlTemplate":"https:\/\/jlgequipements.fr\/?s={search_term_string}"},"query-input":{"@type":"PropertyValueSpecification","valueRequired":true,"valueName":"search_term_string"}}],"inLanguage":"fr-FR"},{"@type":"Organization","@id":"https:\/\/jlgequipements.fr\/#organization","name":"JLG \u00c9quipements collectivit\u00e9","url":"https:\/\/jlgequipements.fr\/","logo":{"@type":"ImageObject","inLanguage":"fr-FR","@id":"https:\/\/jlgequipements.fr\/#\/schema\/logo\/image\/","url":"https:\/\/jlgequipements.fr\/wp-content\/uploads\/2024\/01\/JLG_LOGO_VECTO.png","contentUrl":"https:\/\/jlgequipements.fr\/wp-content\/uploads\/2024\/01\/JLG_LOGO_VECTO.png","width":3293,"height":3292,"caption":"JLG \u00c9quipements collectivit\u00e9"},"image":{"@id":"https:\/\/jlgequipements.fr\/#\/schema\/logo\/image\/"}}]}},"_links":{"self":[{"href":"https:\/\/jlgequipements.fr\/index.php\/wp-json\/wp\/v2\/product\/14525","targetHints":{"allow":["GET"]}}],"collection":[{"href":"https:\/\/jlgequipements.fr\/index.php\/wp-json\/wp\/v2\/product"}],"about":[{"href":"https:\/\/jlgequipements.fr\/index.php\/wp-json\/wp\/v2\/types\/product"}],"replies":[{"embeddable":true,"href":"https:\/\/jlgequipements.fr\/index.php\/wp-json\/wp\/v2\/comments?post=14525"}],"version-history":[{"count":1,"href":"https:\/\/jlgequipements.fr\/index.php\/wp-json\/wp\/v2\/product\/14525\/revisions"}],"predecessor-version":[{"id":14528,"href":"https:\/\/jlgequipements.fr\/index.php\/wp-json\/wp\/v2\/product\/14525\/revisions\/14528"}],"wp:featuredmedia":[{"embeddable":true,"href":"https:\/\/jlgequipements.fr\/index.php\/wp-json\/wp\/v2\/media\/14526"}],"wp:attachment":[{"href":"https:\/\/jlgequipements.fr\/index.php\/wp-json\/wp\/v2\/media?parent=14525"}],"wp:term":[{"taxonomy":"product_brand","embeddable":true,"href":"https:\/\/jlgequipements.fr\/index.php\/wp-json\/wp\/v2\/product_brand?post=14525"},{"taxonomy":"product_cat","embeddable":true,"href":"https:\/\/jlgequipements.fr\/index.php\/wp-json\/wp\/v2\/product_cat?post=14525"},{"taxonomy":"product_tag","embeddable":true,"href":"https:\/\/jlgequipements.fr\/index.php\/wp-json\/wp\/v2\/product_tag?post=14525"}],"curies":[{"name":"wp","href":"https:\/\/api.w.org\/{rel}","templated":true}]}}