{"id":14487,"date":"2026-01-28T17:26:36","date_gmt":"2026-01-28T16:26:36","guid":{"rendered":"https:\/\/jlgequipements.fr\/?post_type=product&#038;p=14487"},"modified":"2026-01-28T17:26:36","modified_gmt":"2026-01-28T16:26:36","slug":"cendrier-de-poche-recyclable","status":"publish","type":"product","link":"https:\/\/jlgequipements.fr\/index.php\/produit\/cendrier-de-poche-recyclable\/","title":{"rendered":"CENDRIER DE POCHE RECYCLABLE"},"content":{"rendered":"<p class=\"p1\"><span class=\"s1\">Le cendrier de poche en carton recycl\u00e9 offre une solution pratique et \u00e9conomique pour r\u00e9duire la pollution des m\u00e9gots au sol. Fabriqu\u00e9 en carton recycl\u00e9 100\u202f% ignifug\u00e9, refermable et r\u00e9utilisable, il garantit une utilisation s\u00fbre et respectueuse de l\u2019environnement, que ce soit sur les plages, dans les parcs ou lors d\u2019\u00e9v\u00e9nements en plein air.<\/span><\/p>\n<p class=\"p1\"><span class=\"s1\">Commande minimum par 1 000 pi\u00e8ces.<\/span><\/p>\n<p class=\"p1\"><span class=\"s1\">Dimensions : 85 x 160 x 60 mm (ouvert)<\/span><\/p>\n<p>&nbsp;<\/p>\n","protected":false},"excerpt":{"rendered":"<p>Le cendrier de poche en carton recycl\u00e9 offre une solution pratique et \u00e9conomique pour r\u00e9duire la pollution des m\u00e9gots au sol. Fabriqu\u00e9 en carton recycl\u00e9 100\u202f% ignifug\u00e9, refermable et r\u00e9utilisable, il garantit une utilisation s\u00fbre et respectueuse de l\u2019environnement, que ce soit sur les plages, dans les parcs ou lors d\u2019\u00e9v\u00e9nements en plein air. Commande minimum par 1 000 pi\u00e8ces. Dimensions : 85 x 160 x 60 mm (ouvert) &nbsp;<\/p>\n","protected":false},"featured_media":14488,"comment_status":"open","ping_status":"closed","template":"","meta":[],"product_brand":[],"product_cat":[313,226],"product_tag":[],"class_list":{"0":"post-14487","1":"product","2":"type-product","3":"status-publish","4":"has-post-thumbnail","6":"product_cat-cendriers","7":"product_cat-mobilier-urbain","9":"first","10":"instock","11":"shipping-taxable","12":"product-type-simple"},"yoast_head":"<!-- This site is optimized with the Yoast SEO plugin v27.1.1 - https:\/\/yoast.com\/product\/yoast-seo-wordpress\/ -->\n<title>CENDRIER DE POCHE RECYCLABLE - JLG \u00c9quipements Collectivit\u00e9s<\/title>\n<meta name=\"robots\" content=\"index, follow, max-snippet:-1, max-image-preview:large, max-video-preview:-1\" \/>\n<link rel=\"canonical\" href=\"https:\/\/jlgequipements.fr\/index.php\/produit\/cendrier-de-poche-recyclable\/\" \/>\n<meta property=\"og:locale\" content=\"fr_FR\" \/>\n<meta property=\"og:type\" content=\"article\" \/>\n<meta property=\"og:title\" content=\"CENDRIER DE POCHE RECYCLABLE - JLG \u00c9quipements Collectivit\u00e9s\" \/>\n<meta property=\"og:description\" content=\"Le cendrier de poche en carton recycl\u00e9 offre une solution pratique et \u00e9conomique pour r\u00e9duire la pollution des m\u00e9gots au sol. Fabriqu\u00e9 en carton recycl\u00e9 100\u202f% ignifug\u00e9, refermable et r\u00e9utilisable, il garantit une utilisation s\u00fbre et respectueuse de l\u2019environnement, que ce soit sur les plages, dans les parcs ou lors d\u2019\u00e9v\u00e9nements en plein air. Commande minimum par 1 000 pi\u00e8ces. Dimensions : 85 x 160 x 60 mm (ouvert) &nbsp;\" \/>\n<meta property=\"og:url\" content=\"https:\/\/jlgequipements.fr\/index.php\/produit\/cendrier-de-poche-recyclable\/\" \/>\n<meta property=\"og:site_name\" content=\"JLG \u00c9quipements Collectivit\u00e9s\" \/>\n<meta property=\"og:image\" content=\"http:\/\/jlgequipements.fr\/wp-content\/uploads\/2026\/01\/cendirer-de-poche-reyclable-01.jpg\" \/>\n\t<meta property=\"og:image:width\" content=\"2083\" \/>\n\t<meta property=\"og:image:height\" content=\"2083\" \/>\n\t<meta property=\"og:image:type\" content=\"image\/jpeg\" \/>\n<meta name=\"twitter:card\" content=\"summary_large_image\" \/>\n<script type=\"application\/ld+json\" class=\"yoast-schema-graph\">{\"@context\":\"https:\/\/schema.org\",\"@graph\":[{\"@type\":\"WebPage\",\"@id\":\"https:\/\/jlgequipements.fr\/index.php\/produit\/cendrier-de-poche-recyclable\/\",\"url\":\"https:\/\/jlgequipements.fr\/index.php\/produit\/cendrier-de-poche-recyclable\/\",\"name\":\"CENDRIER DE POCHE RECYCLABLE - JLG \u00c9quipements Collectivit\u00e9s\",\"isPartOf\":{\"@id\":\"https:\/\/jlgequipements.fr\/#website\"},\"primaryImageOfPage\":{\"@id\":\"https:\/\/jlgequipements.fr\/index.php\/produit\/cendrier-de-poche-recyclable\/#primaryimage\"},\"image\":{\"@id\":\"https:\/\/jlgequipements.fr\/index.php\/produit\/cendrier-de-poche-recyclable\/#primaryimage\"},\"thumbnailUrl\":\"https:\/\/jlgequipements.fr\/wp-content\/uploads\/2026\/01\/cendirer-de-poche-reyclable-01.jpg\",\"datePublished\":\"2026-01-28T16:26:36+00:00\",\"breadcrumb\":{\"@id\":\"https:\/\/jlgequipements.fr\/index.php\/produit\/cendrier-de-poche-recyclable\/#breadcrumb\"},\"inLanguage\":\"fr-FR\",\"potentialAction\":[{\"@type\":\"ReadAction\",\"target\":[\"https:\/\/jlgequipements.fr\/index.php\/produit\/cendrier-de-poche-recyclable\/\"]}]},{\"@type\":\"ImageObject\",\"inLanguage\":\"fr-FR\",\"@id\":\"https:\/\/jlgequipements.fr\/index.php\/produit\/cendrier-de-poche-recyclable\/#primaryimage\",\"url\":\"https:\/\/jlgequipements.fr\/wp-content\/uploads\/2026\/01\/cendirer-de-poche-reyclable-01.jpg\",\"contentUrl\":\"https:\/\/jlgequipements.fr\/wp-content\/uploads\/2026\/01\/cendirer-de-poche-reyclable-01.jpg\",\"width\":2083,\"height\":2083},{\"@type\":\"BreadcrumbList\",\"@id\":\"https:\/\/jlgequipements.fr\/index.php\/produit\/cendrier-de-poche-recyclable\/#breadcrumb\",\"itemListElement\":[{\"@type\":\"ListItem\",\"position\":1,\"name\":\"Accueil\",\"item\":\"https:\/\/jlgequipements.fr\/\"},{\"@type\":\"ListItem\",\"position\":2,\"name\":\"Boutique\",\"item\":\"https:\/\/jlgequipements.fr\/index.php\/boutique\/\"},{\"@type\":\"ListItem\",\"position\":3,\"name\":\"CENDRIER DE POCHE RECYCLABLE\"}]},{\"@type\":\"WebSite\",\"@id\":\"https:\/\/jlgequipements.fr\/#website\",\"url\":\"https:\/\/jlgequipements.fr\/\",\"name\":\"JLG \u00c9quipements collectivit\u00e9\",\"description\":\"Le partenaire des communes\",\"publisher\":{\"@id\":\"https:\/\/jlgequipements.fr\/#organization\"},\"potentialAction\":[{\"@type\":\"SearchAction\",\"target\":{\"@type\":\"EntryPoint\",\"urlTemplate\":\"https:\/\/jlgequipements.fr\/?s={search_term_string}\"},\"query-input\":{\"@type\":\"PropertyValueSpecification\",\"valueRequired\":true,\"valueName\":\"search_term_string\"}}],\"inLanguage\":\"fr-FR\"},{\"@type\":\"Organization\",\"@id\":\"https:\/\/jlgequipements.fr\/#organization\",\"name\":\"JLG \u00c9quipements collectivit\u00e9\",\"url\":\"https:\/\/jlgequipements.fr\/\",\"logo\":{\"@type\":\"ImageObject\",\"inLanguage\":\"fr-FR\",\"@id\":\"https:\/\/jlgequipements.fr\/#\/schema\/logo\/image\/\",\"url\":\"https:\/\/jlgequipements.fr\/wp-content\/uploads\/2024\/01\/JLG_LOGO_VECTO.png\",\"contentUrl\":\"https:\/\/jlgequipements.fr\/wp-content\/uploads\/2024\/01\/JLG_LOGO_VECTO.png\",\"width\":3293,\"height\":3292,\"caption\":\"JLG \u00c9quipements collectivit\u00e9\"},\"image\":{\"@id\":\"https:\/\/jlgequipements.fr\/#\/schema\/logo\/image\/\"}}]}<\/script>\n<!-- \/ Yoast SEO plugin. -->","yoast_head_json":{"title":"CENDRIER DE POCHE RECYCLABLE - JLG \u00c9quipements Collectivit\u00e9s","robots":{"index":"index","follow":"follow","max-snippet":"max-snippet:-1","max-image-preview":"max-image-preview:large","max-video-preview":"max-video-preview:-1"},"canonical":"https:\/\/jlgequipements.fr\/index.php\/produit\/cendrier-de-poche-recyclable\/","og_locale":"fr_FR","og_type":"article","og_title":"CENDRIER DE POCHE RECYCLABLE - JLG \u00c9quipements Collectivit\u00e9s","og_description":"Le cendrier de poche en carton recycl\u00e9 offre une solution pratique et \u00e9conomique pour r\u00e9duire la pollution des m\u00e9gots au sol. Fabriqu\u00e9 en carton recycl\u00e9 100\u202f% ignifug\u00e9, refermable et r\u00e9utilisable, il garantit une utilisation s\u00fbre et respectueuse de l\u2019environnement, que ce soit sur les plages, dans les parcs ou lors d\u2019\u00e9v\u00e9nements en plein air. Commande minimum par 1 000 pi\u00e8ces. Dimensions : 85 x 160 x 60 mm (ouvert) &nbsp;","og_url":"https:\/\/jlgequipements.fr\/index.php\/produit\/cendrier-de-poche-recyclable\/","og_site_name":"JLG \u00c9quipements Collectivit\u00e9s","og_image":[{"width":2083,"height":2083,"url":"http:\/\/jlgequipements.fr\/wp-content\/uploads\/2026\/01\/cendirer-de-poche-reyclable-01.jpg","type":"image\/jpeg"}],"twitter_card":"summary_large_image","schema":{"@context":"https:\/\/schema.org","@graph":[{"@type":"WebPage","@id":"https:\/\/jlgequipements.fr\/index.php\/produit\/cendrier-de-poche-recyclable\/","url":"https:\/\/jlgequipements.fr\/index.php\/produit\/cendrier-de-poche-recyclable\/","name":"CENDRIER DE POCHE RECYCLABLE - JLG \u00c9quipements Collectivit\u00e9s","isPartOf":{"@id":"https:\/\/jlgequipements.fr\/#website"},"primaryImageOfPage":{"@id":"https:\/\/jlgequipements.fr\/index.php\/produit\/cendrier-de-poche-recyclable\/#primaryimage"},"image":{"@id":"https:\/\/jlgequipements.fr\/index.php\/produit\/cendrier-de-poche-recyclable\/#primaryimage"},"thumbnailUrl":"https:\/\/jlgequipements.fr\/wp-content\/uploads\/2026\/01\/cendirer-de-poche-reyclable-01.jpg","datePublished":"2026-01-28T16:26:36+00:00","breadcrumb":{"@id":"https:\/\/jlgequipements.fr\/index.php\/produit\/cendrier-de-poche-recyclable\/#breadcrumb"},"inLanguage":"fr-FR","potentialAction":[{"@type":"ReadAction","target":["https:\/\/jlgequipements.fr\/index.php\/produit\/cendrier-de-poche-recyclable\/"]}]},{"@type":"ImageObject","inLanguage":"fr-FR","@id":"https:\/\/jlgequipements.fr\/index.php\/produit\/cendrier-de-poche-recyclable\/#primaryimage","url":"https:\/\/jlgequipements.fr\/wp-content\/uploads\/2026\/01\/cendirer-de-poche-reyclable-01.jpg","contentUrl":"https:\/\/jlgequipements.fr\/wp-content\/uploads\/2026\/01\/cendirer-de-poche-reyclable-01.jpg","width":2083,"height":2083},{"@type":"BreadcrumbList","@id":"https:\/\/jlgequipements.fr\/index.php\/produit\/cendrier-de-poche-recyclable\/#breadcrumb","itemListElement":[{"@type":"ListItem","position":1,"name":"Accueil","item":"https:\/\/jlgequipements.fr\/"},{"@type":"ListItem","position":2,"name":"Boutique","item":"https:\/\/jlgequipements.fr\/index.php\/boutique\/"},{"@type":"ListItem","position":3,"name":"CENDRIER DE POCHE RECYCLABLE"}]},{"@type":"WebSite","@id":"https:\/\/jlgequipements.fr\/#website","url":"https:\/\/jlgequipements.fr\/","name":"JLG \u00c9quipements collectivit\u00e9","description":"Le partenaire des communes","publisher":{"@id":"https:\/\/jlgequipements.fr\/#organization"},"potentialAction":[{"@type":"SearchAction","target":{"@type":"EntryPoint","urlTemplate":"https:\/\/jlgequipements.fr\/?s={search_term_string}"},"query-input":{"@type":"PropertyValueSpecification","valueRequired":true,"valueName":"search_term_string"}}],"inLanguage":"fr-FR"},{"@type":"Organization","@id":"https:\/\/jlgequipements.fr\/#organization","name":"JLG \u00c9quipements collectivit\u00e9","url":"https:\/\/jlgequipements.fr\/","logo":{"@type":"ImageObject","inLanguage":"fr-FR","@id":"https:\/\/jlgequipements.fr\/#\/schema\/logo\/image\/","url":"https:\/\/jlgequipements.fr\/wp-content\/uploads\/2024\/01\/JLG_LOGO_VECTO.png","contentUrl":"https:\/\/jlgequipements.fr\/wp-content\/uploads\/2024\/01\/JLG_LOGO_VECTO.png","width":3293,"height":3292,"caption":"JLG \u00c9quipements collectivit\u00e9"},"image":{"@id":"https:\/\/jlgequipements.fr\/#\/schema\/logo\/image\/"}}]}},"_links":{"self":[{"href":"https:\/\/jlgequipements.fr\/index.php\/wp-json\/wp\/v2\/product\/14487","targetHints":{"allow":["GET"]}}],"collection":[{"href":"https:\/\/jlgequipements.fr\/index.php\/wp-json\/wp\/v2\/product"}],"about":[{"href":"https:\/\/jlgequipements.fr\/index.php\/wp-json\/wp\/v2\/types\/product"}],"replies":[{"embeddable":true,"href":"https:\/\/jlgequipements.fr\/index.php\/wp-json\/wp\/v2\/comments?post=14487"}],"version-history":[{"count":1,"href":"https:\/\/jlgequipements.fr\/index.php\/wp-json\/wp\/v2\/product\/14487\/revisions"}],"predecessor-version":[{"id":14491,"href":"https:\/\/jlgequipements.fr\/index.php\/wp-json\/wp\/v2\/product\/14487\/revisions\/14491"}],"wp:featuredmedia":[{"embeddable":true,"href":"https:\/\/jlgequipements.fr\/index.php\/wp-json\/wp\/v2\/media\/14488"}],"wp:attachment":[{"href":"https:\/\/jlgequipements.fr\/index.php\/wp-json\/wp\/v2\/media?parent=14487"}],"wp:term":[{"taxonomy":"product_brand","embeddable":true,"href":"https:\/\/jlgequipements.fr\/index.php\/wp-json\/wp\/v2\/product_brand?post=14487"},{"taxonomy":"product_cat","embeddable":true,"href":"https:\/\/jlgequipements.fr\/index.php\/wp-json\/wp\/v2\/product_cat?post=14487"},{"taxonomy":"product_tag","embeddable":true,"href":"https:\/\/jlgequipements.fr\/index.php\/wp-json\/wp\/v2\/product_tag?post=14487"}],"curies":[{"name":"wp","href":"https:\/\/api.w.org\/{rel}","templated":true}]}}