{"id":13593,"date":"2025-01-29T13:49:58","date_gmt":"2025-01-29T12:49:58","guid":{"rendered":"https:\/\/jlgequipements.fr\/?post_type=product&#038;p=13593"},"modified":"2026-01-29T15:47:18","modified_gmt":"2026-01-29T14:47:18","slug":"pochette-simili-cuir-du-pacs-personnalise","status":"publish","type":"product","link":"https:\/\/jlgequipements.fr\/index.php\/produit\/pochette-simili-cuir-du-pacs-personnalise\/","title":{"rendered":"POCHETTE SIMILI CUIR DU PACS PERSONNALIS\u00c9"},"content":{"rendered":"<p class=\"p1\">Cette pochette, con\u00e7ue sp\u00e9cifiquement pour accueillir les documents relatifs \u00e0 <span class=\"s1\">un Pacte Civil de Solidarit\u00e9 (PACS)<\/span>, est r\u00e9alis\u00e9e en simili cuir <span class=\"s2\">r\u00e9sistant et \u00e9l\u00e9gant. Elle offre <\/span>une protection optimale \u00e0 l\u2019ensemble des<\/p>\n<p class=\"p1\">papiers administratifs <span class=\"s2\">qui la composent.<\/span><\/p>\n<p>Personnalisation disponible avec le blason ou le logo de la commune.<\/p>\n<ul>\n<li>Dimension ferm\u00e9e : 22,2 x 32,3 cm<\/li>\n<li>Dimension ouverte : 44,4 x 64,4 cm<\/li>\n<\/ul>\n","protected":false},"excerpt":{"rendered":"<p>Cette pochette, con\u00e7ue sp\u00e9cifiquement pour accueillir les documents relatifs \u00e0 un Pacte Civil de Solidarit\u00e9 (PACS), est r\u00e9alis\u00e9e en simili cuir r\u00e9sistant et \u00e9l\u00e9gant. Elle offre une protection optimale \u00e0 l\u2019ensemble des papiers administratifs qui la composent. Personnalisation disponible avec le blason ou le logo de la commune. Dimension ferm\u00e9e : 22,2 x 32,3 cm Dimension ouverte : 44,4 x 64,4 cm<\/p>\n","protected":false},"featured_media":14648,"comment_status":"open","ping_status":"closed","template":"","meta":[],"product_brand":[],"product_cat":[198,205],"product_tag":[],"class_list":{"0":"post-13593","1":"product","2":"type-product","3":"status-publish","4":"has-post-thumbnail","6":"product_cat-etat-civil","7":"product_cat-pacs-pacte-civil-de-solidarite","9":"first","10":"instock","11":"shipping-taxable","12":"product-type-simple"},"yoast_head":"<!-- This site is optimized with the Yoast SEO plugin v27.1.1 - https:\/\/yoast.com\/product\/yoast-seo-wordpress\/ -->\n<title>POCHETTE SIMILI CUIR DU PACS PERSONNALIS\u00c9 - JLG \u00c9quipements Collectivit\u00e9s<\/title>\n<meta name=\"robots\" content=\"index, follow, max-snippet:-1, max-image-preview:large, max-video-preview:-1\" \/>\n<link rel=\"canonical\" href=\"https:\/\/jlgequipements.fr\/index.php\/produit\/pochette-simili-cuir-du-pacs-personnalise\/\" \/>\n<meta property=\"og:locale\" content=\"fr_FR\" \/>\n<meta property=\"og:type\" content=\"article\" \/>\n<meta property=\"og:title\" content=\"POCHETTE SIMILI CUIR DU PACS PERSONNALIS\u00c9 - JLG \u00c9quipements Collectivit\u00e9s\" \/>\n<meta property=\"og:description\" content=\"Cette pochette, con\u00e7ue sp\u00e9cifiquement pour accueillir les documents relatifs \u00e0 un Pacte Civil de Solidarit\u00e9 (PACS), est r\u00e9alis\u00e9e en simili cuir r\u00e9sistant et \u00e9l\u00e9gant. Elle offre une protection optimale \u00e0 l\u2019ensemble des papiers administratifs qui la composent. Personnalisation disponible avec le blason ou le logo de la commune. Dimension ferm\u00e9e : 22,2 x 32,3 cm Dimension ouverte : 44,4 x 64,4 cm\" \/>\n<meta property=\"og:url\" content=\"https:\/\/jlgequipements.fr\/index.php\/produit\/pochette-simili-cuir-du-pacs-personnalise\/\" \/>\n<meta property=\"og:site_name\" content=\"JLG \u00c9quipements Collectivit\u00e9s\" \/>\n<meta property=\"article:modified_time\" content=\"2026-01-29T14:47:18+00:00\" \/>\n<meta property=\"og:image\" content=\"https:\/\/jlgequipements.fr\/wp-content\/uploads\/2025\/01\/pochette-pacs-simili-perso-.jpg\" \/>\n\t<meta property=\"og:image:width\" content=\"2083\" \/>\n\t<meta property=\"og:image:height\" content=\"2083\" \/>\n\t<meta property=\"og:image:type\" content=\"image\/jpeg\" \/>\n<meta name=\"twitter:card\" content=\"summary_large_image\" \/>\n<script type=\"application\/ld+json\" class=\"yoast-schema-graph\">{\"@context\":\"https:\/\/schema.org\",\"@graph\":[{\"@type\":\"WebPage\",\"@id\":\"https:\/\/jlgequipements.fr\/index.php\/produit\/pochette-simili-cuir-du-pacs-personnalise\/\",\"url\":\"https:\/\/jlgequipements.fr\/index.php\/produit\/pochette-simili-cuir-du-pacs-personnalise\/\",\"name\":\"POCHETTE SIMILI CUIR DU PACS PERSONNALIS\u00c9 - JLG \u00c9quipements Collectivit\u00e9s\",\"isPartOf\":{\"@id\":\"https:\/\/jlgequipements.fr\/#website\"},\"primaryImageOfPage\":{\"@id\":\"https:\/\/jlgequipements.fr\/index.php\/produit\/pochette-simili-cuir-du-pacs-personnalise\/#primaryimage\"},\"image\":{\"@id\":\"https:\/\/jlgequipements.fr\/index.php\/produit\/pochette-simili-cuir-du-pacs-personnalise\/#primaryimage\"},\"thumbnailUrl\":\"https:\/\/jlgequipements.fr\/wp-content\/uploads\/2025\/01\/pochette-pacs-simili-perso-.jpg\",\"datePublished\":\"2025-01-29T12:49:58+00:00\",\"dateModified\":\"2026-01-29T14:47:18+00:00\",\"breadcrumb\":{\"@id\":\"https:\/\/jlgequipements.fr\/index.php\/produit\/pochette-simili-cuir-du-pacs-personnalise\/#breadcrumb\"},\"inLanguage\":\"fr-FR\",\"potentialAction\":[{\"@type\":\"ReadAction\",\"target\":[\"https:\/\/jlgequipements.fr\/index.php\/produit\/pochette-simili-cuir-du-pacs-personnalise\/\"]}]},{\"@type\":\"ImageObject\",\"inLanguage\":\"fr-FR\",\"@id\":\"https:\/\/jlgequipements.fr\/index.php\/produit\/pochette-simili-cuir-du-pacs-personnalise\/#primaryimage\",\"url\":\"https:\/\/jlgequipements.fr\/wp-content\/uploads\/2025\/01\/pochette-pacs-simili-perso-.jpg\",\"contentUrl\":\"https:\/\/jlgequipements.fr\/wp-content\/uploads\/2025\/01\/pochette-pacs-simili-perso-.jpg\",\"width\":2083,\"height\":2083},{\"@type\":\"BreadcrumbList\",\"@id\":\"https:\/\/jlgequipements.fr\/index.php\/produit\/pochette-simili-cuir-du-pacs-personnalise\/#breadcrumb\",\"itemListElement\":[{\"@type\":\"ListItem\",\"position\":1,\"name\":\"Accueil\",\"item\":\"https:\/\/jlgequipements.fr\/\"},{\"@type\":\"ListItem\",\"position\":2,\"name\":\"Boutique\",\"item\":\"https:\/\/jlgequipements.fr\/index.php\/boutique\/\"},{\"@type\":\"ListItem\",\"position\":3,\"name\":\"POCHETTE SIMILI CUIR DU PACS PERSONNALIS\u00c9\"}]},{\"@type\":\"WebSite\",\"@id\":\"https:\/\/jlgequipements.fr\/#website\",\"url\":\"https:\/\/jlgequipements.fr\/\",\"name\":\"JLG \u00c9quipements collectivit\u00e9\",\"description\":\"Le partenaire des communes\",\"publisher\":{\"@id\":\"https:\/\/jlgequipements.fr\/#organization\"},\"potentialAction\":[{\"@type\":\"SearchAction\",\"target\":{\"@type\":\"EntryPoint\",\"urlTemplate\":\"https:\/\/jlgequipements.fr\/?s={search_term_string}\"},\"query-input\":{\"@type\":\"PropertyValueSpecification\",\"valueRequired\":true,\"valueName\":\"search_term_string\"}}],\"inLanguage\":\"fr-FR\"},{\"@type\":\"Organization\",\"@id\":\"https:\/\/jlgequipements.fr\/#organization\",\"name\":\"JLG \u00c9quipements collectivit\u00e9\",\"url\":\"https:\/\/jlgequipements.fr\/\",\"logo\":{\"@type\":\"ImageObject\",\"inLanguage\":\"fr-FR\",\"@id\":\"https:\/\/jlgequipements.fr\/#\/schema\/logo\/image\/\",\"url\":\"https:\/\/jlgequipements.fr\/wp-content\/uploads\/2024\/01\/JLG_LOGO_VECTO.png\",\"contentUrl\":\"https:\/\/jlgequipements.fr\/wp-content\/uploads\/2024\/01\/JLG_LOGO_VECTO.png\",\"width\":3293,\"height\":3292,\"caption\":\"JLG \u00c9quipements collectivit\u00e9\"},\"image\":{\"@id\":\"https:\/\/jlgequipements.fr\/#\/schema\/logo\/image\/\"}}]}<\/script>\n<!-- \/ Yoast SEO plugin. -->","yoast_head_json":{"title":"POCHETTE SIMILI CUIR DU PACS PERSONNALIS\u00c9 - JLG \u00c9quipements Collectivit\u00e9s","robots":{"index":"index","follow":"follow","max-snippet":"max-snippet:-1","max-image-preview":"max-image-preview:large","max-video-preview":"max-video-preview:-1"},"canonical":"https:\/\/jlgequipements.fr\/index.php\/produit\/pochette-simili-cuir-du-pacs-personnalise\/","og_locale":"fr_FR","og_type":"article","og_title":"POCHETTE SIMILI CUIR DU PACS PERSONNALIS\u00c9 - JLG \u00c9quipements Collectivit\u00e9s","og_description":"Cette pochette, con\u00e7ue sp\u00e9cifiquement pour accueillir les documents relatifs \u00e0 un Pacte Civil de Solidarit\u00e9 (PACS), est r\u00e9alis\u00e9e en simili cuir r\u00e9sistant et \u00e9l\u00e9gant. Elle offre une protection optimale \u00e0 l\u2019ensemble des papiers administratifs qui la composent. Personnalisation disponible avec le blason ou le logo de la commune. Dimension ferm\u00e9e : 22,2 x 32,3 cm Dimension ouverte : 44,4 x 64,4 cm","og_url":"https:\/\/jlgequipements.fr\/index.php\/produit\/pochette-simili-cuir-du-pacs-personnalise\/","og_site_name":"JLG \u00c9quipements Collectivit\u00e9s","article_modified_time":"2026-01-29T14:47:18+00:00","og_image":[{"width":2083,"height":2083,"url":"https:\/\/jlgequipements.fr\/wp-content\/uploads\/2025\/01\/pochette-pacs-simili-perso-.jpg","type":"image\/jpeg"}],"twitter_card":"summary_large_image","schema":{"@context":"https:\/\/schema.org","@graph":[{"@type":"WebPage","@id":"https:\/\/jlgequipements.fr\/index.php\/produit\/pochette-simili-cuir-du-pacs-personnalise\/","url":"https:\/\/jlgequipements.fr\/index.php\/produit\/pochette-simili-cuir-du-pacs-personnalise\/","name":"POCHETTE SIMILI CUIR DU PACS PERSONNALIS\u00c9 - JLG \u00c9quipements Collectivit\u00e9s","isPartOf":{"@id":"https:\/\/jlgequipements.fr\/#website"},"primaryImageOfPage":{"@id":"https:\/\/jlgequipements.fr\/index.php\/produit\/pochette-simili-cuir-du-pacs-personnalise\/#primaryimage"},"image":{"@id":"https:\/\/jlgequipements.fr\/index.php\/produit\/pochette-simili-cuir-du-pacs-personnalise\/#primaryimage"},"thumbnailUrl":"https:\/\/jlgequipements.fr\/wp-content\/uploads\/2025\/01\/pochette-pacs-simili-perso-.jpg","datePublished":"2025-01-29T12:49:58+00:00","dateModified":"2026-01-29T14:47:18+00:00","breadcrumb":{"@id":"https:\/\/jlgequipements.fr\/index.php\/produit\/pochette-simili-cuir-du-pacs-personnalise\/#breadcrumb"},"inLanguage":"fr-FR","potentialAction":[{"@type":"ReadAction","target":["https:\/\/jlgequipements.fr\/index.php\/produit\/pochette-simili-cuir-du-pacs-personnalise\/"]}]},{"@type":"ImageObject","inLanguage":"fr-FR","@id":"https:\/\/jlgequipements.fr\/index.php\/produit\/pochette-simili-cuir-du-pacs-personnalise\/#primaryimage","url":"https:\/\/jlgequipements.fr\/wp-content\/uploads\/2025\/01\/pochette-pacs-simili-perso-.jpg","contentUrl":"https:\/\/jlgequipements.fr\/wp-content\/uploads\/2025\/01\/pochette-pacs-simili-perso-.jpg","width":2083,"height":2083},{"@type":"BreadcrumbList","@id":"https:\/\/jlgequipements.fr\/index.php\/produit\/pochette-simili-cuir-du-pacs-personnalise\/#breadcrumb","itemListElement":[{"@type":"ListItem","position":1,"name":"Accueil","item":"https:\/\/jlgequipements.fr\/"},{"@type":"ListItem","position":2,"name":"Boutique","item":"https:\/\/jlgequipements.fr\/index.php\/boutique\/"},{"@type":"ListItem","position":3,"name":"POCHETTE SIMILI CUIR DU PACS PERSONNALIS\u00c9"}]},{"@type":"WebSite","@id":"https:\/\/jlgequipements.fr\/#website","url":"https:\/\/jlgequipements.fr\/","name":"JLG \u00c9quipements collectivit\u00e9","description":"Le partenaire des communes","publisher":{"@id":"https:\/\/jlgequipements.fr\/#organization"},"potentialAction":[{"@type":"SearchAction","target":{"@type":"EntryPoint","urlTemplate":"https:\/\/jlgequipements.fr\/?s={search_term_string}"},"query-input":{"@type":"PropertyValueSpecification","valueRequired":true,"valueName":"search_term_string"}}],"inLanguage":"fr-FR"},{"@type":"Organization","@id":"https:\/\/jlgequipements.fr\/#organization","name":"JLG \u00c9quipements collectivit\u00e9","url":"https:\/\/jlgequipements.fr\/","logo":{"@type":"ImageObject","inLanguage":"fr-FR","@id":"https:\/\/jlgequipements.fr\/#\/schema\/logo\/image\/","url":"https:\/\/jlgequipements.fr\/wp-content\/uploads\/2024\/01\/JLG_LOGO_VECTO.png","contentUrl":"https:\/\/jlgequipements.fr\/wp-content\/uploads\/2024\/01\/JLG_LOGO_VECTO.png","width":3293,"height":3292,"caption":"JLG \u00c9quipements collectivit\u00e9"},"image":{"@id":"https:\/\/jlgequipements.fr\/#\/schema\/logo\/image\/"}}]}},"_links":{"self":[{"href":"https:\/\/jlgequipements.fr\/index.php\/wp-json\/wp\/v2\/product\/13593","targetHints":{"allow":["GET"]}}],"collection":[{"href":"https:\/\/jlgequipements.fr\/index.php\/wp-json\/wp\/v2\/product"}],"about":[{"href":"https:\/\/jlgequipements.fr\/index.php\/wp-json\/wp\/v2\/types\/product"}],"replies":[{"embeddable":true,"href":"https:\/\/jlgequipements.fr\/index.php\/wp-json\/wp\/v2\/comments?post=13593"}],"version-history":[{"count":2,"href":"https:\/\/jlgequipements.fr\/index.php\/wp-json\/wp\/v2\/product\/13593\/revisions"}],"predecessor-version":[{"id":13599,"href":"https:\/\/jlgequipements.fr\/index.php\/wp-json\/wp\/v2\/product\/13593\/revisions\/13599"}],"wp:featuredmedia":[{"embeddable":true,"href":"https:\/\/jlgequipements.fr\/index.php\/wp-json\/wp\/v2\/media\/14648"}],"wp:attachment":[{"href":"https:\/\/jlgequipements.fr\/index.php\/wp-json\/wp\/v2\/media?parent=13593"}],"wp:term":[{"taxonomy":"product_brand","embeddable":true,"href":"https:\/\/jlgequipements.fr\/index.php\/wp-json\/wp\/v2\/product_brand?post=13593"},{"taxonomy":"product_cat","embeddable":true,"href":"https:\/\/jlgequipements.fr\/index.php\/wp-json\/wp\/v2\/product_cat?post=13593"},{"taxonomy":"product_tag","embeddable":true,"href":"https:\/\/jlgequipements.fr\/index.php\/wp-json\/wp\/v2\/product_tag?post=13593"}],"curies":[{"name":"wp","href":"https:\/\/api.w.org\/{rel}","templated":true}]}}