{"id":11487,"date":"2024-03-22T13:49:11","date_gmt":"2024-03-22T12:49:11","guid":{"rendered":"https:\/\/www.jlg.nicolas-briche.fr\/?post_type=product&#038;p=11487"},"modified":"2024-03-22T13:49:11","modified_gmt":"2024-03-22T12:49:11","slug":"borne-de-proprete-canine-avec-corbeille","status":"publish","type":"product","link":"https:\/\/jlgequipements.fr\/index.php\/produit\/borne-de-proprete-canine-avec-corbeille\/","title":{"rendered":"BORNE DE PROPRET\u00c9 CANINE AVEC CORBEILLE"},"content":{"rendered":"<p><strong>Haut de m\u00e2t ludique :<\/strong> Visible \u00e0 plus de 100 m, pictogramme chien inclus<br \/>\n<strong>Fixation :<\/strong> par rail au dos<br \/>\n<strong>Distributeur :<\/strong> fabriqu\u00e9 en PEHD, 600 sachets en pr\u00e9l\u00e8vement unitaire<br \/>\n<strong>M\u00e2t en 2 parties :<\/strong> 100% Aluminium<br \/>\n<strong>Diam\u00e8tre :<\/strong> 50 mm, colliers de fixations et visserie fournis<br \/>\n<strong>Corbeille Eco :<\/strong> fabriqu\u00e9e en PEHD<br \/>\n<strong>Contenance :<\/strong> 50 L<\/p>\n<p><strong>R\u00e9f.<\/strong> Scellement direct : <em>JLG1410\/1154<\/em><\/p>\n<p><strong>R\u00e9f.<\/strong> Option platine : <em>JLG1411<\/em><\/p>\n","protected":false},"excerpt":{"rendered":"<p>Haut de m\u00e2t ludique : Visible \u00e0 plus de 100 m, pictogramme chien inclus Fixation : par rail au dos Distributeur : fabriqu\u00e9 en PEHD, 600 sachets en pr\u00e9l\u00e8vement unitaire M\u00e2t en 2 parties : 100% Aluminium Diam\u00e8tre : 50 mm, colliers de fixations et visserie fournis Corbeille Eco : fabriqu\u00e9e en PEHD Contenance : 50 L R\u00e9f. Scellement direct : JLG1410\/1154 R\u00e9f. Option platine : JLG1411<\/p>\n","protected":false},"featured_media":11488,"comment_status":"open","ping_status":"closed","template":"","meta":[],"product_brand":[],"product_cat":[295,226],"product_tag":[],"class_list":{"0":"post-11487","1":"product","2":"type-product","3":"status-publish","4":"has-post-thumbnail","6":"product_cat-hygiene-canine","7":"product_cat-mobilier-urbain","9":"first","10":"instock","11":"shipping-taxable","12":"product-type-simple"},"yoast_head":"<!-- This site is optimized with the Yoast SEO plugin v27.1.1 - https:\/\/yoast.com\/product\/yoast-seo-wordpress\/ -->\n<title>BORNE DE PROPRET\u00c9 CANINE AVEC CORBEILLE - JLG \u00c9quipements Collectivit\u00e9s<\/title>\n<meta name=\"robots\" content=\"index, follow, max-snippet:-1, max-image-preview:large, max-video-preview:-1\" \/>\n<link rel=\"canonical\" href=\"https:\/\/jlgequipements.fr\/index.php\/produit\/borne-de-proprete-canine-avec-corbeille\/\" \/>\n<meta property=\"og:locale\" content=\"fr_FR\" \/>\n<meta property=\"og:type\" content=\"article\" \/>\n<meta property=\"og:title\" content=\"BORNE DE PROPRET\u00c9 CANINE AVEC CORBEILLE - JLG \u00c9quipements Collectivit\u00e9s\" \/>\n<meta property=\"og:description\" content=\"Haut de m\u00e2t ludique : Visible \u00e0 plus de 100 m, pictogramme chien inclus Fixation : par rail au dos Distributeur : fabriqu\u00e9 en PEHD, 600 sachets en pr\u00e9l\u00e8vement unitaire M\u00e2t en 2 parties : 100% Aluminium Diam\u00e8tre : 50 mm, colliers de fixations et visserie fournis Corbeille Eco : fabriqu\u00e9e en PEHD Contenance : 50 L R\u00e9f. Scellement direct : JLG1410\/1154 R\u00e9f. Option platine : JLG1411\" \/>\n<meta property=\"og:url\" content=\"https:\/\/jlgequipements.fr\/index.php\/produit\/borne-de-proprete-canine-avec-corbeille\/\" \/>\n<meta property=\"og:site_name\" content=\"JLG \u00c9quipements Collectivit\u00e9s\" \/>\n<meta property=\"og:image\" content=\"http:\/\/jlgequipements.fr\/wp-content\/uploads\/2024\/03\/Untitled-2024-03-22T134825.013.jpg\" \/>\n\t<meta property=\"og:image:width\" content=\"500\" \/>\n\t<meta property=\"og:image:height\" content=\"500\" \/>\n\t<meta property=\"og:image:type\" content=\"image\/jpeg\" \/>\n<meta name=\"twitter:card\" content=\"summary_large_image\" \/>\n<script type=\"application\/ld+json\" class=\"yoast-schema-graph\">{\"@context\":\"https:\/\/schema.org\",\"@graph\":[{\"@type\":\"WebPage\",\"@id\":\"https:\/\/jlgequipements.fr\/index.php\/produit\/borne-de-proprete-canine-avec-corbeille\/\",\"url\":\"https:\/\/jlgequipements.fr\/index.php\/produit\/borne-de-proprete-canine-avec-corbeille\/\",\"name\":\"BORNE DE PROPRET\u00c9 CANINE AVEC CORBEILLE - JLG \u00c9quipements Collectivit\u00e9s\",\"isPartOf\":{\"@id\":\"https:\/\/jlgequipements.fr\/#website\"},\"primaryImageOfPage\":{\"@id\":\"https:\/\/jlgequipements.fr\/index.php\/produit\/borne-de-proprete-canine-avec-corbeille\/#primaryimage\"},\"image\":{\"@id\":\"https:\/\/jlgequipements.fr\/index.php\/produit\/borne-de-proprete-canine-avec-corbeille\/#primaryimage\"},\"thumbnailUrl\":\"https:\/\/jlgequipements.fr\/wp-content\/uploads\/2024\/03\/Untitled-2024-03-22T134825.013.jpg\",\"datePublished\":\"2024-03-22T12:49:11+00:00\",\"breadcrumb\":{\"@id\":\"https:\/\/jlgequipements.fr\/index.php\/produit\/borne-de-proprete-canine-avec-corbeille\/#breadcrumb\"},\"inLanguage\":\"fr-FR\",\"potentialAction\":[{\"@type\":\"ReadAction\",\"target\":[\"https:\/\/jlgequipements.fr\/index.php\/produit\/borne-de-proprete-canine-avec-corbeille\/\"]}]},{\"@type\":\"ImageObject\",\"inLanguage\":\"fr-FR\",\"@id\":\"https:\/\/jlgequipements.fr\/index.php\/produit\/borne-de-proprete-canine-avec-corbeille\/#primaryimage\",\"url\":\"https:\/\/jlgequipements.fr\/wp-content\/uploads\/2024\/03\/Untitled-2024-03-22T134825.013.jpg\",\"contentUrl\":\"https:\/\/jlgequipements.fr\/wp-content\/uploads\/2024\/03\/Untitled-2024-03-22T134825.013.jpg\",\"width\":500,\"height\":500,\"caption\":\"Borne de propret\u00e9 canine avec corbeille\"},{\"@type\":\"BreadcrumbList\",\"@id\":\"https:\/\/jlgequipements.fr\/index.php\/produit\/borne-de-proprete-canine-avec-corbeille\/#breadcrumb\",\"itemListElement\":[{\"@type\":\"ListItem\",\"position\":1,\"name\":\"Accueil\",\"item\":\"https:\/\/jlgequipements.fr\/\"},{\"@type\":\"ListItem\",\"position\":2,\"name\":\"Boutique\",\"item\":\"https:\/\/jlgequipements.fr\/index.php\/boutique\/\"},{\"@type\":\"ListItem\",\"position\":3,\"name\":\"BORNE DE PROPRET\u00c9 CANINE AVEC CORBEILLE\"}]},{\"@type\":\"WebSite\",\"@id\":\"https:\/\/jlgequipements.fr\/#website\",\"url\":\"https:\/\/jlgequipements.fr\/\",\"name\":\"JLG \u00c9quipements collectivit\u00e9\",\"description\":\"Le partenaire des communes\",\"publisher\":{\"@id\":\"https:\/\/jlgequipements.fr\/#organization\"},\"potentialAction\":[{\"@type\":\"SearchAction\",\"target\":{\"@type\":\"EntryPoint\",\"urlTemplate\":\"https:\/\/jlgequipements.fr\/?s={search_term_string}\"},\"query-input\":{\"@type\":\"PropertyValueSpecification\",\"valueRequired\":true,\"valueName\":\"search_term_string\"}}],\"inLanguage\":\"fr-FR\"},{\"@type\":\"Organization\",\"@id\":\"https:\/\/jlgequipements.fr\/#organization\",\"name\":\"JLG \u00c9quipements collectivit\u00e9\",\"url\":\"https:\/\/jlgequipements.fr\/\",\"logo\":{\"@type\":\"ImageObject\",\"inLanguage\":\"fr-FR\",\"@id\":\"https:\/\/jlgequipements.fr\/#\/schema\/logo\/image\/\",\"url\":\"https:\/\/jlgequipements.fr\/wp-content\/uploads\/2024\/01\/JLG_LOGO_VECTO.png\",\"contentUrl\":\"https:\/\/jlgequipements.fr\/wp-content\/uploads\/2024\/01\/JLG_LOGO_VECTO.png\",\"width\":3293,\"height\":3292,\"caption\":\"JLG \u00c9quipements collectivit\u00e9\"},\"image\":{\"@id\":\"https:\/\/jlgequipements.fr\/#\/schema\/logo\/image\/\"}}]}<\/script>\n<!-- \/ Yoast SEO plugin. -->","yoast_head_json":{"title":"BORNE DE PROPRET\u00c9 CANINE AVEC CORBEILLE - JLG \u00c9quipements Collectivit\u00e9s","robots":{"index":"index","follow":"follow","max-snippet":"max-snippet:-1","max-image-preview":"max-image-preview:large","max-video-preview":"max-video-preview:-1"},"canonical":"https:\/\/jlgequipements.fr\/index.php\/produit\/borne-de-proprete-canine-avec-corbeille\/","og_locale":"fr_FR","og_type":"article","og_title":"BORNE DE PROPRET\u00c9 CANINE AVEC CORBEILLE - JLG \u00c9quipements Collectivit\u00e9s","og_description":"Haut de m\u00e2t ludique : Visible \u00e0 plus de 100 m, pictogramme chien inclus Fixation : par rail au dos Distributeur : fabriqu\u00e9 en PEHD, 600 sachets en pr\u00e9l\u00e8vement unitaire M\u00e2t en 2 parties : 100% Aluminium Diam\u00e8tre : 50 mm, colliers de fixations et visserie fournis Corbeille Eco : fabriqu\u00e9e en PEHD Contenance : 50 L R\u00e9f. Scellement direct : JLG1410\/1154 R\u00e9f. Option platine : JLG1411","og_url":"https:\/\/jlgequipements.fr\/index.php\/produit\/borne-de-proprete-canine-avec-corbeille\/","og_site_name":"JLG \u00c9quipements Collectivit\u00e9s","og_image":[{"width":500,"height":500,"url":"http:\/\/jlgequipements.fr\/wp-content\/uploads\/2024\/03\/Untitled-2024-03-22T134825.013.jpg","type":"image\/jpeg"}],"twitter_card":"summary_large_image","schema":{"@context":"https:\/\/schema.org","@graph":[{"@type":"WebPage","@id":"https:\/\/jlgequipements.fr\/index.php\/produit\/borne-de-proprete-canine-avec-corbeille\/","url":"https:\/\/jlgequipements.fr\/index.php\/produit\/borne-de-proprete-canine-avec-corbeille\/","name":"BORNE DE PROPRET\u00c9 CANINE AVEC CORBEILLE - JLG \u00c9quipements Collectivit\u00e9s","isPartOf":{"@id":"https:\/\/jlgequipements.fr\/#website"},"primaryImageOfPage":{"@id":"https:\/\/jlgequipements.fr\/index.php\/produit\/borne-de-proprete-canine-avec-corbeille\/#primaryimage"},"image":{"@id":"https:\/\/jlgequipements.fr\/index.php\/produit\/borne-de-proprete-canine-avec-corbeille\/#primaryimage"},"thumbnailUrl":"https:\/\/jlgequipements.fr\/wp-content\/uploads\/2024\/03\/Untitled-2024-03-22T134825.013.jpg","datePublished":"2024-03-22T12:49:11+00:00","breadcrumb":{"@id":"https:\/\/jlgequipements.fr\/index.php\/produit\/borne-de-proprete-canine-avec-corbeille\/#breadcrumb"},"inLanguage":"fr-FR","potentialAction":[{"@type":"ReadAction","target":["https:\/\/jlgequipements.fr\/index.php\/produit\/borne-de-proprete-canine-avec-corbeille\/"]}]},{"@type":"ImageObject","inLanguage":"fr-FR","@id":"https:\/\/jlgequipements.fr\/index.php\/produit\/borne-de-proprete-canine-avec-corbeille\/#primaryimage","url":"https:\/\/jlgequipements.fr\/wp-content\/uploads\/2024\/03\/Untitled-2024-03-22T134825.013.jpg","contentUrl":"https:\/\/jlgequipements.fr\/wp-content\/uploads\/2024\/03\/Untitled-2024-03-22T134825.013.jpg","width":500,"height":500,"caption":"Borne de propret\u00e9 canine avec corbeille"},{"@type":"BreadcrumbList","@id":"https:\/\/jlgequipements.fr\/index.php\/produit\/borne-de-proprete-canine-avec-corbeille\/#breadcrumb","itemListElement":[{"@type":"ListItem","position":1,"name":"Accueil","item":"https:\/\/jlgequipements.fr\/"},{"@type":"ListItem","position":2,"name":"Boutique","item":"https:\/\/jlgequipements.fr\/index.php\/boutique\/"},{"@type":"ListItem","position":3,"name":"BORNE DE PROPRET\u00c9 CANINE AVEC CORBEILLE"}]},{"@type":"WebSite","@id":"https:\/\/jlgequipements.fr\/#website","url":"https:\/\/jlgequipements.fr\/","name":"JLG \u00c9quipements collectivit\u00e9","description":"Le partenaire des communes","publisher":{"@id":"https:\/\/jlgequipements.fr\/#organization"},"potentialAction":[{"@type":"SearchAction","target":{"@type":"EntryPoint","urlTemplate":"https:\/\/jlgequipements.fr\/?s={search_term_string}"},"query-input":{"@type":"PropertyValueSpecification","valueRequired":true,"valueName":"search_term_string"}}],"inLanguage":"fr-FR"},{"@type":"Organization","@id":"https:\/\/jlgequipements.fr\/#organization","name":"JLG \u00c9quipements collectivit\u00e9","url":"https:\/\/jlgequipements.fr\/","logo":{"@type":"ImageObject","inLanguage":"fr-FR","@id":"https:\/\/jlgequipements.fr\/#\/schema\/logo\/image\/","url":"https:\/\/jlgequipements.fr\/wp-content\/uploads\/2024\/01\/JLG_LOGO_VECTO.png","contentUrl":"https:\/\/jlgequipements.fr\/wp-content\/uploads\/2024\/01\/JLG_LOGO_VECTO.png","width":3293,"height":3292,"caption":"JLG \u00c9quipements collectivit\u00e9"},"image":{"@id":"https:\/\/jlgequipements.fr\/#\/schema\/logo\/image\/"}}]}},"_links":{"self":[{"href":"https:\/\/jlgequipements.fr\/index.php\/wp-json\/wp\/v2\/product\/11487","targetHints":{"allow":["GET"]}}],"collection":[{"href":"https:\/\/jlgequipements.fr\/index.php\/wp-json\/wp\/v2\/product"}],"about":[{"href":"https:\/\/jlgequipements.fr\/index.php\/wp-json\/wp\/v2\/types\/product"}],"replies":[{"embeddable":true,"href":"https:\/\/jlgequipements.fr\/index.php\/wp-json\/wp\/v2\/comments?post=11487"}],"version-history":[{"count":1,"href":"https:\/\/jlgequipements.fr\/index.php\/wp-json\/wp\/v2\/product\/11487\/revisions"}],"predecessor-version":[{"id":11489,"href":"https:\/\/jlgequipements.fr\/index.php\/wp-json\/wp\/v2\/product\/11487\/revisions\/11489"}],"wp:featuredmedia":[{"embeddable":true,"href":"https:\/\/jlgequipements.fr\/index.php\/wp-json\/wp\/v2\/media\/11488"}],"wp:attachment":[{"href":"https:\/\/jlgequipements.fr\/index.php\/wp-json\/wp\/v2\/media?parent=11487"}],"wp:term":[{"taxonomy":"product_brand","embeddable":true,"href":"https:\/\/jlgequipements.fr\/index.php\/wp-json\/wp\/v2\/product_brand?post=11487"},{"taxonomy":"product_cat","embeddable":true,"href":"https:\/\/jlgequipements.fr\/index.php\/wp-json\/wp\/v2\/product_cat?post=11487"},{"taxonomy":"product_tag","embeddable":true,"href":"https:\/\/jlgequipements.fr\/index.php\/wp-json\/wp\/v2\/product_tag?post=11487"}],"curies":[{"name":"wp","href":"https:\/\/api.w.org\/{rel}","templated":true}]}}