{"id":10373,"date":"2024-03-13T14:34:20","date_gmt":"2024-03-13T13:34:20","guid":{"rendered":"https:\/\/www.jlg.nicolas-briche.fr\/?post_type=product&#038;p=10373"},"modified":"2024-06-04T15:44:11","modified_gmt":"2024-06-04T13:44:11","slug":"guirlande-boa-comete","status":"publish","type":"product","link":"https:\/\/jlgequipements.fr\/index.php\/produit\/guirlande-boa-comete\/","title":{"rendered":"GUIRLANDE BOA COM\u00c8TE"},"content":{"rendered":"<ul>\n<li>C\u00e2ble blanc<\/li>\n<li>Diam\u00e8tre : 13 mm<\/li>\n<li>Caps : Diam 8 mm<\/li>\n<li>Volts : 230<\/li>\n<li>6,80 kg<\/li>\n<li>IP66<\/li>\n<\/ul>\n<p>H : 1 m\u00a0 \u00a0 50 LED\u00a0 Blanc\u00a0 Ref.39301-WO-Z<\/p>\n<p>H : 1 m\u00a0 \u00a0 \u00a050 LED\u00a0 Or\u00a0 Ref.39301-W9-Z<\/p>\n<p>H : 3 m\u00a0 \u00a0150 LED Blanc\u00a0 Ref.39302-WO-Z<\/p>\n<p>H: 3 m\u00a0 \u00a0 150 LED Or\u00a0 Ref.39302-W9-Z<\/p>\n<p>H: 5 m\u00a0 \u00a0 \u00a0250 LED Blanc Ref.39303-WO-Z<\/p>\n<p>H : 10 m\u00a0 500 LED Or Ref.39304-WO-Z<\/p>\n<p>&nbsp;<\/p>\n","protected":false},"excerpt":{"rendered":"<p>C\u00e2ble blanc Diam\u00e8tre : 13 mm Caps : Diam 8 mm Volts : 230 6,80 kg IP66 H : 1 m\u00a0 \u00a0 50 LED\u00a0 Blanc\u00a0 Ref.39301-WO-Z H : 1 m\u00a0 \u00a0 \u00a050 LED\u00a0 Or\u00a0 Ref.39301-W9-Z H : 3 m\u00a0 \u00a0150 LED Blanc\u00a0 Ref.39302-WO-Z H: 3 m\u00a0 \u00a0 150 LED Or\u00a0 Ref.39302-W9-Z H: 5 m\u00a0 \u00a0 \u00a0250 LED Blanc Ref.39303-WO-Z H : 10 m\u00a0 500 LED Or Ref.39304-WO-Z &nbsp;<\/p>\n","protected":false},"featured_media":10385,"comment_status":"open","ping_status":"closed","template":"","meta":[],"product_brand":[],"product_cat":[276,268],"product_tag":[],"class_list":{"0":"post-10373","1":"product","2":"type-product","3":"status-publish","4":"has-post-thumbnail","6":"product_cat-guirlandes","7":"product_cat-illumination","9":"first","10":"instock","11":"shipping-taxable","12":"product-type-simple"},"yoast_head":"<!-- This site is optimized with the Yoast SEO plugin v27.1.1 - https:\/\/yoast.com\/product\/yoast-seo-wordpress\/ -->\n<title>GUIRLANDE BOA COM\u00c8TE - JLG \u00c9quipements Collectivit\u00e9s<\/title>\n<meta name=\"robots\" content=\"index, follow, max-snippet:-1, max-image-preview:large, max-video-preview:-1\" \/>\n<link rel=\"canonical\" href=\"https:\/\/jlgequipements.fr\/index.php\/produit\/guirlande-boa-comete\/\" \/>\n<meta property=\"og:locale\" content=\"fr_FR\" \/>\n<meta property=\"og:type\" content=\"article\" \/>\n<meta property=\"og:title\" content=\"GUIRLANDE BOA COM\u00c8TE - JLG \u00c9quipements Collectivit\u00e9s\" \/>\n<meta property=\"og:description\" content=\"C\u00e2ble blanc Diam\u00e8tre : 13 mm Caps : Diam 8 mm Volts : 230 6,80 kg IP66 H : 1 m\u00a0 \u00a0 50 LED\u00a0 Blanc\u00a0 Ref.39301-WO-Z H : 1 m\u00a0 \u00a0 \u00a050 LED\u00a0 Or\u00a0 Ref.39301-W9-Z H : 3 m\u00a0 \u00a0150 LED Blanc\u00a0 Ref.39302-WO-Z H: 3 m\u00a0 \u00a0 150 LED Or\u00a0 Ref.39302-W9-Z H: 5 m\u00a0 \u00a0 \u00a0250 LED Blanc Ref.39303-WO-Z H : 10 m\u00a0 500 LED Or Ref.39304-WO-Z &nbsp;\" \/>\n<meta property=\"og:url\" content=\"https:\/\/jlgequipements.fr\/index.php\/produit\/guirlande-boa-comete\/\" \/>\n<meta property=\"og:site_name\" content=\"JLG \u00c9quipements Collectivit\u00e9s\" \/>\n<meta property=\"article:modified_time\" content=\"2024-06-04T13:44:11+00:00\" \/>\n<meta property=\"og:image\" content=\"https:\/\/jlgequipements.fr\/wp-content\/uploads\/2024\/03\/Untitled-7.jpg\" \/>\n\t<meta property=\"og:image:width\" content=\"500\" \/>\n\t<meta property=\"og:image:height\" content=\"500\" \/>\n\t<meta property=\"og:image:type\" content=\"image\/jpeg\" \/>\n<meta name=\"twitter:card\" content=\"summary_large_image\" \/>\n<script type=\"application\/ld+json\" class=\"yoast-schema-graph\">{\"@context\":\"https:\/\/schema.org\",\"@graph\":[{\"@type\":\"WebPage\",\"@id\":\"https:\/\/jlgequipements.fr\/index.php\/produit\/guirlande-boa-comete\/\",\"url\":\"https:\/\/jlgequipements.fr\/index.php\/produit\/guirlande-boa-comete\/\",\"name\":\"GUIRLANDE BOA COM\u00c8TE - JLG \u00c9quipements Collectivit\u00e9s\",\"isPartOf\":{\"@id\":\"https:\/\/jlgequipements.fr\/#website\"},\"primaryImageOfPage\":{\"@id\":\"https:\/\/jlgequipements.fr\/index.php\/produit\/guirlande-boa-comete\/#primaryimage\"},\"image\":{\"@id\":\"https:\/\/jlgequipements.fr\/index.php\/produit\/guirlande-boa-comete\/#primaryimage\"},\"thumbnailUrl\":\"https:\/\/jlgequipements.fr\/wp-content\/uploads\/2024\/03\/Untitled-7.jpg\",\"datePublished\":\"2024-03-13T13:34:20+00:00\",\"dateModified\":\"2024-06-04T13:44:11+00:00\",\"breadcrumb\":{\"@id\":\"https:\/\/jlgequipements.fr\/index.php\/produit\/guirlande-boa-comete\/#breadcrumb\"},\"inLanguage\":\"fr-FR\",\"potentialAction\":[{\"@type\":\"ReadAction\",\"target\":[\"https:\/\/jlgequipements.fr\/index.php\/produit\/guirlande-boa-comete\/\"]}]},{\"@type\":\"ImageObject\",\"inLanguage\":\"fr-FR\",\"@id\":\"https:\/\/jlgequipements.fr\/index.php\/produit\/guirlande-boa-comete\/#primaryimage\",\"url\":\"https:\/\/jlgequipements.fr\/wp-content\/uploads\/2024\/03\/Untitled-7.jpg\",\"contentUrl\":\"https:\/\/jlgequipements.fr\/wp-content\/uploads\/2024\/03\/Untitled-7.jpg\",\"width\":500,\"height\":500,\"caption\":\"BOA com\u00e8te\"},{\"@type\":\"BreadcrumbList\",\"@id\":\"https:\/\/jlgequipements.fr\/index.php\/produit\/guirlande-boa-comete\/#breadcrumb\",\"itemListElement\":[{\"@type\":\"ListItem\",\"position\":1,\"name\":\"Accueil\",\"item\":\"https:\/\/jlgequipements.fr\/\"},{\"@type\":\"ListItem\",\"position\":2,\"name\":\"Boutique\",\"item\":\"https:\/\/jlgequipements.fr\/index.php\/boutique\/\"},{\"@type\":\"ListItem\",\"position\":3,\"name\":\"GUIRLANDE BOA COM\u00c8TE\"}]},{\"@type\":\"WebSite\",\"@id\":\"https:\/\/jlgequipements.fr\/#website\",\"url\":\"https:\/\/jlgequipements.fr\/\",\"name\":\"JLG \u00c9quipements collectivit\u00e9\",\"description\":\"Le partenaire des communes\",\"publisher\":{\"@id\":\"https:\/\/jlgequipements.fr\/#organization\"},\"potentialAction\":[{\"@type\":\"SearchAction\",\"target\":{\"@type\":\"EntryPoint\",\"urlTemplate\":\"https:\/\/jlgequipements.fr\/?s={search_term_string}\"},\"query-input\":{\"@type\":\"PropertyValueSpecification\",\"valueRequired\":true,\"valueName\":\"search_term_string\"}}],\"inLanguage\":\"fr-FR\"},{\"@type\":\"Organization\",\"@id\":\"https:\/\/jlgequipements.fr\/#organization\",\"name\":\"JLG \u00c9quipements collectivit\u00e9\",\"url\":\"https:\/\/jlgequipements.fr\/\",\"logo\":{\"@type\":\"ImageObject\",\"inLanguage\":\"fr-FR\",\"@id\":\"https:\/\/jlgequipements.fr\/#\/schema\/logo\/image\/\",\"url\":\"https:\/\/jlgequipements.fr\/wp-content\/uploads\/2024\/01\/JLG_LOGO_VECTO.png\",\"contentUrl\":\"https:\/\/jlgequipements.fr\/wp-content\/uploads\/2024\/01\/JLG_LOGO_VECTO.png\",\"width\":3293,\"height\":3292,\"caption\":\"JLG \u00c9quipements collectivit\u00e9\"},\"image\":{\"@id\":\"https:\/\/jlgequipements.fr\/#\/schema\/logo\/image\/\"}}]}<\/script>\n<!-- \/ Yoast SEO plugin. -->","yoast_head_json":{"title":"GUIRLANDE BOA COM\u00c8TE - JLG \u00c9quipements Collectivit\u00e9s","robots":{"index":"index","follow":"follow","max-snippet":"max-snippet:-1","max-image-preview":"max-image-preview:large","max-video-preview":"max-video-preview:-1"},"canonical":"https:\/\/jlgequipements.fr\/index.php\/produit\/guirlande-boa-comete\/","og_locale":"fr_FR","og_type":"article","og_title":"GUIRLANDE BOA COM\u00c8TE - JLG \u00c9quipements Collectivit\u00e9s","og_description":"C\u00e2ble blanc Diam\u00e8tre : 13 mm Caps : Diam 8 mm Volts : 230 6,80 kg IP66 H : 1 m\u00a0 \u00a0 50 LED\u00a0 Blanc\u00a0 Ref.39301-WO-Z H : 1 m\u00a0 \u00a0 \u00a050 LED\u00a0 Or\u00a0 Ref.39301-W9-Z H : 3 m\u00a0 \u00a0150 LED Blanc\u00a0 Ref.39302-WO-Z H: 3 m\u00a0 \u00a0 150 LED Or\u00a0 Ref.39302-W9-Z H: 5 m\u00a0 \u00a0 \u00a0250 LED Blanc Ref.39303-WO-Z H : 10 m\u00a0 500 LED Or Ref.39304-WO-Z &nbsp;","og_url":"https:\/\/jlgequipements.fr\/index.php\/produit\/guirlande-boa-comete\/","og_site_name":"JLG \u00c9quipements Collectivit\u00e9s","article_modified_time":"2024-06-04T13:44:11+00:00","og_image":[{"width":500,"height":500,"url":"https:\/\/jlgequipements.fr\/wp-content\/uploads\/2024\/03\/Untitled-7.jpg","type":"image\/jpeg"}],"twitter_card":"summary_large_image","schema":{"@context":"https:\/\/schema.org","@graph":[{"@type":"WebPage","@id":"https:\/\/jlgequipements.fr\/index.php\/produit\/guirlande-boa-comete\/","url":"https:\/\/jlgequipements.fr\/index.php\/produit\/guirlande-boa-comete\/","name":"GUIRLANDE BOA COM\u00c8TE - JLG \u00c9quipements Collectivit\u00e9s","isPartOf":{"@id":"https:\/\/jlgequipements.fr\/#website"},"primaryImageOfPage":{"@id":"https:\/\/jlgequipements.fr\/index.php\/produit\/guirlande-boa-comete\/#primaryimage"},"image":{"@id":"https:\/\/jlgequipements.fr\/index.php\/produit\/guirlande-boa-comete\/#primaryimage"},"thumbnailUrl":"https:\/\/jlgequipements.fr\/wp-content\/uploads\/2024\/03\/Untitled-7.jpg","datePublished":"2024-03-13T13:34:20+00:00","dateModified":"2024-06-04T13:44:11+00:00","breadcrumb":{"@id":"https:\/\/jlgequipements.fr\/index.php\/produit\/guirlande-boa-comete\/#breadcrumb"},"inLanguage":"fr-FR","potentialAction":[{"@type":"ReadAction","target":["https:\/\/jlgequipements.fr\/index.php\/produit\/guirlande-boa-comete\/"]}]},{"@type":"ImageObject","inLanguage":"fr-FR","@id":"https:\/\/jlgequipements.fr\/index.php\/produit\/guirlande-boa-comete\/#primaryimage","url":"https:\/\/jlgequipements.fr\/wp-content\/uploads\/2024\/03\/Untitled-7.jpg","contentUrl":"https:\/\/jlgequipements.fr\/wp-content\/uploads\/2024\/03\/Untitled-7.jpg","width":500,"height":500,"caption":"BOA com\u00e8te"},{"@type":"BreadcrumbList","@id":"https:\/\/jlgequipements.fr\/index.php\/produit\/guirlande-boa-comete\/#breadcrumb","itemListElement":[{"@type":"ListItem","position":1,"name":"Accueil","item":"https:\/\/jlgequipements.fr\/"},{"@type":"ListItem","position":2,"name":"Boutique","item":"https:\/\/jlgequipements.fr\/index.php\/boutique\/"},{"@type":"ListItem","position":3,"name":"GUIRLANDE BOA COM\u00c8TE"}]},{"@type":"WebSite","@id":"https:\/\/jlgequipements.fr\/#website","url":"https:\/\/jlgequipements.fr\/","name":"JLG \u00c9quipements collectivit\u00e9","description":"Le partenaire des communes","publisher":{"@id":"https:\/\/jlgequipements.fr\/#organization"},"potentialAction":[{"@type":"SearchAction","target":{"@type":"EntryPoint","urlTemplate":"https:\/\/jlgequipements.fr\/?s={search_term_string}"},"query-input":{"@type":"PropertyValueSpecification","valueRequired":true,"valueName":"search_term_string"}}],"inLanguage":"fr-FR"},{"@type":"Organization","@id":"https:\/\/jlgequipements.fr\/#organization","name":"JLG \u00c9quipements collectivit\u00e9","url":"https:\/\/jlgequipements.fr\/","logo":{"@type":"ImageObject","inLanguage":"fr-FR","@id":"https:\/\/jlgequipements.fr\/#\/schema\/logo\/image\/","url":"https:\/\/jlgequipements.fr\/wp-content\/uploads\/2024\/01\/JLG_LOGO_VECTO.png","contentUrl":"https:\/\/jlgequipements.fr\/wp-content\/uploads\/2024\/01\/JLG_LOGO_VECTO.png","width":3293,"height":3292,"caption":"JLG \u00c9quipements collectivit\u00e9"},"image":{"@id":"https:\/\/jlgequipements.fr\/#\/schema\/logo\/image\/"}}]}},"_links":{"self":[{"href":"https:\/\/jlgequipements.fr\/index.php\/wp-json\/wp\/v2\/product\/10373","targetHints":{"allow":["GET"]}}],"collection":[{"href":"https:\/\/jlgequipements.fr\/index.php\/wp-json\/wp\/v2\/product"}],"about":[{"href":"https:\/\/jlgequipements.fr\/index.php\/wp-json\/wp\/v2\/types\/product"}],"replies":[{"embeddable":true,"href":"https:\/\/jlgequipements.fr\/index.php\/wp-json\/wp\/v2\/comments?post=10373"}],"version-history":[{"count":3,"href":"https:\/\/jlgequipements.fr\/index.php\/wp-json\/wp\/v2\/product\/10373\/revisions"}],"predecessor-version":[{"id":12623,"href":"https:\/\/jlgequipements.fr\/index.php\/wp-json\/wp\/v2\/product\/10373\/revisions\/12623"}],"wp:featuredmedia":[{"embeddable":true,"href":"https:\/\/jlgequipements.fr\/index.php\/wp-json\/wp\/v2\/media\/10385"}],"wp:attachment":[{"href":"https:\/\/jlgequipements.fr\/index.php\/wp-json\/wp\/v2\/media?parent=10373"}],"wp:term":[{"taxonomy":"product_brand","embeddable":true,"href":"https:\/\/jlgequipements.fr\/index.php\/wp-json\/wp\/v2\/product_brand?post=10373"},{"taxonomy":"product_cat","embeddable":true,"href":"https:\/\/jlgequipements.fr\/index.php\/wp-json\/wp\/v2\/product_cat?post=10373"},{"taxonomy":"product_tag","embeddable":true,"href":"https:\/\/jlgequipements.fr\/index.php\/wp-json\/wp\/v2\/product_tag?post=10373"}],"curies":[{"name":"wp","href":"https:\/\/api.w.org\/{rel}","templated":true}]}}